[INFO] fetching crate pallet-contracts 2.0.0-rc6...
[INFO] checking pallet-contracts-2.0.0-rc6 against master#af3c6e733a40e671550e0f0f5aeecaa13772ba56 for pr-74989
[INFO] extracting crate pallet-contracts 2.0.0-rc6 into /workspace/builds/worker-1/source
[INFO] validating manifest of crates.io crate pallet-contracts 2.0.0-rc6 on toolchain af3c6e733a40e671550e0f0f5aeecaa13772ba56
[INFO] running `Command { std: "/workspace/cargo-home/bin/cargo" "+af3c6e733a40e671550e0f0f5aeecaa13772ba56" "read-manifest" "--manifest-path" "Cargo.toml", kill_on_drop: false }`
[INFO] started tweaking crates.io crate pallet-contracts 2.0.0-rc6
[INFO] finished tweaking crates.io crate pallet-contracts 2.0.0-rc6
[INFO] tweaked toml for crates.io crate pallet-contracts 2.0.0-rc6 written to /workspace/builds/worker-1/source/Cargo.toml
[INFO] running `Command { std: "/workspace/cargo-home/bin/cargo" "+af3c6e733a40e671550e0f0f5aeecaa13772ba56" "generate-lockfile" "--manifest-path" "Cargo.toml" "-Zno-index-update", kill_on_drop: false }`
[INFO] running `Command { std: "/workspace/cargo-home/bin/cargo" "+af3c6e733a40e671550e0f0f5aeecaa13772ba56" "fetch" "--locked" "--manifest-path" "Cargo.toml", kill_on_drop: false }`
[INFO] [stderr]     Blocking waiting for file lock on package cache
[INFO] running `Command { std: "docker" "create" "-v" "/var/lib/crater-agent-workspace/builds/worker-1/target:/opt/rustwide/target:rw,Z" "-v" "/var/lib/crater-agent-workspace/builds/worker-1/source:/opt/rustwide/workdir:ro,Z" "-v" "/var/lib/crater-agent-workspace/cargo-home:/opt/rustwide/cargo-home:ro,Z" "-v" "/var/lib/crater-agent-workspace/rustup-home:/opt/rustwide/rustup-home:ro,Z" "-e" "SOURCE_DIR=/opt/rustwide/workdir" "-e" "CARGO_TARGET_DIR=/opt/rustwide/target" "-e" "CARGO_HOME=/opt/rustwide/cargo-home" "-e" "RUSTUP_HOME=/opt/rustwide/rustup-home" "-w" "/opt/rustwide/workdir" "-m" "1610612736" "--user" "0:0" "--network" "none" "rustops/crates-build-env@sha256:d92eaeed33fa75130ca1ee6c8a01d1ffb62bac859dfdfb3450e3e5d1c0146529" "/opt/rustwide/cargo-home/bin/cargo" "+af3c6e733a40e671550e0f0f5aeecaa13772ba56" "metadata" "--no-deps" "--format-version=1", kill_on_drop: false }`
[INFO] [stderr] WARNING: Your kernel does not support swap limit capabilities or the cgroup is not mounted. Memory limited without swap.
[INFO] [stdout] d6a7ca6718c56b401e7b21a5046d695b721004c10a04da9881a49ecf44a372f7
[INFO] running `Command { std: "docker" "start" "-a" "d6a7ca6718c56b401e7b21a5046d695b721004c10a04da9881a49ecf44a372f7", kill_on_drop: false }`
[INFO] running `Command { std: "docker" "inspect" "d6a7ca6718c56b401e7b21a5046d695b721004c10a04da9881a49ecf44a372f7", kill_on_drop: false }`
[INFO] running `Command { std: "docker" "rm" "-f" "d6a7ca6718c56b401e7b21a5046d695b721004c10a04da9881a49ecf44a372f7", kill_on_drop: false }`
[INFO] [stdout] d6a7ca6718c56b401e7b21a5046d695b721004c10a04da9881a49ecf44a372f7
[INFO] running `Command { std: "docker" "create" "-v" "/var/lib/crater-agent-workspace/builds/worker-1/target:/opt/rustwide/target:rw,Z" "-v" "/var/lib/crater-agent-workspace/builds/worker-1/source:/opt/rustwide/workdir:ro,Z" "-v" "/var/lib/crater-agent-workspace/cargo-home:/opt/rustwide/cargo-home:ro,Z" "-v" "/var/lib/crater-agent-workspace/rustup-home:/opt/rustwide/rustup-home:ro,Z" "-e" "SOURCE_DIR=/opt/rustwide/workdir" "-e" "CARGO_TARGET_DIR=/opt/rustwide/target" "-e" "CARGO_INCREMENTAL=0" "-e" "RUST_BACKTRACE=full" "-e" "RUSTFLAGS=--cap-lints=forbid" "-e" "CARGO_HOME=/opt/rustwide/cargo-home" "-e" "RUSTUP_HOME=/opt/rustwide/rustup-home" "-w" "/opt/rustwide/workdir" "-m" "1610612736" "--user" "0:0" "--network" "none" "rustops/crates-build-env@sha256:d92eaeed33fa75130ca1ee6c8a01d1ffb62bac859dfdfb3450e3e5d1c0146529" "/opt/rustwide/cargo-home/bin/cargo" "+af3c6e733a40e671550e0f0f5aeecaa13772ba56" "check" "--frozen" "--all" "--all-targets" "--message-format=json", kill_on_drop: false }`
[INFO] [stdout] 9bbc3c28a45e5554ed914446d12ae71dfed6062f52511df2d159cf82e102c8e9
[INFO] [stderr] WARNING: Your kernel does not support swap limit capabilities or the cgroup is not mounted. Memory limited without swap.
[INFO] running `Command { std: "docker" "start" "-a" "9bbc3c28a45e5554ed914446d12ae71dfed6062f52511df2d159cf82e102c8e9", kill_on_drop: false }`
[INFO] [stderr]    Compiling proc-macro2 v1.0.21
[INFO] [stderr]    Compiling unicode-xid v0.2.1
[INFO] [stderr]    Compiling syn v1.0.40
[INFO] [stderr]     Checking cfg-if v0.1.10
[INFO] [stderr]    Compiling libc v0.2.77
[INFO] [stderr]    Compiling autocfg v1.0.1
[INFO] [stderr]    Compiling serde_derive v1.0.116
[INFO] [stderr]    Compiling serde v1.0.116
[INFO] [stderr]    Compiling typenum v1.12.0
[INFO] [stderr]    Compiling getrandom v0.1.15
[INFO] [stderr]    Compiling byteorder v1.3.4
[INFO] [stderr]     Checking smallvec v1.4.2
[INFO] [stderr]     Checking ppv-lite86 v0.2.9
[INFO] [stderr]    Compiling memchr v2.3.3
[INFO] [stderr]     Checking arrayvec v0.5.1
[INFO] [stderr]     Checking either v1.6.0
[INFO] [stderr]     Checking scopeguard v1.1.0
[INFO] [stderr]     Checking radium v0.3.0
[INFO] [stderr]    Compiling crunchy v0.2.2
[INFO] [stderr]     Checking byte-slice-cast v0.3.5
[INFO] [stderr]    Compiling version_check v0.9.2
[INFO] [stderr]     Checking instant v0.1.6
[INFO] [stderr]     Checking rustc-hex v2.1.0
[INFO] [stderr]    Compiling log v0.4.11
[INFO] [stderr]     Checking byte-tools v0.3.1
[INFO] [stderr]     Checking subtle v1.0.0
[INFO] [stderr]     Checking static_assertions v1.1.0
[INFO] [stderr]     Checking subtle v2.3.0
[INFO] [stderr]     Checking lazy_static v1.4.0
[INFO] [stderr]    Compiling proc-macro-hack v0.5.18
[INFO] [stderr]    Compiling pin-project-internal v0.4.23
[INFO] [stderr]     Checking adler v0.2.3
[INFO] [stderr]     Checking gimli v0.22.0
[INFO] [stderr]     Checking fake-simd v0.1.2
[INFO] [stderr]     Checking parity-wasm v0.41.0
[INFO] [stderr]     Checking opaque-debug v0.2.3
[INFO] [stderr]    Compiling proc-macro-nested v0.1.6
[INFO] [stderr]     Checking sp-std v2.0.0-rc6
[INFO] [stderr]    Compiling regex-syntax v0.6.18
[INFO] [stderr]    Compiling failure_derive v0.1.8
[INFO] [stderr]     Checking rustc-demangle v0.1.16
[INFO] [stderr]     Checking ahash v0.3.8
[INFO] [stderr]     Checking object v0.20.0
[INFO] [stderr]     Checking futures-core v0.3.5
[INFO] [stderr]     Checking futures-sink v0.3.5
[INFO] [stderr]     Checking keccak v0.1.0
[INFO] [stderr]    Compiling parity-util-mem v0.7.0
[INFO] [stderr]     Checking hash-db v0.15.2
[INFO] [stderr]     Checking pin-utils v0.1.0
[INFO] [stderr]     Checking arrayref v0.3.6
[INFO] [stderr]     Checking stable_deref_trait v1.2.0
[INFO] [stderr]     Checking memory_units v0.3.0
[INFO] [stderr]     Checking slab v0.4.2
[INFO] [stderr]     Checking futures-io v0.3.5
[INFO] [stderr]    Compiling arrayvec v0.4.12
[INFO] [stderr]     Checking environmental v1.1.1
[INFO] [stderr]     Checking cpuid-bool v0.1.2
[INFO] [stderr]    Compiling tiny-keccak v2.0.2
[INFO] [stderr]     Checking tinyvec v0.3.4
[INFO] [stderr]     Checking nodrop v0.1.14
[INFO] [stderr]     Checking signature v1.2.2
[INFO] [stderr]     Checking opaque-debug v0.3.0
[INFO] [stderr]     Checking rustc-hash v1.1.0
[INFO] [stderr]     Checking constant_time_eq v0.1.5
[INFO] [stderr]     Checking dyn-clone v1.0.2
[INFO] [stderr]     Checking base58 v0.1.0
[INFO] [stderr]     Checking hex v0.4.2
[INFO] [stderr]    Compiling bitflags v1.2.1
[INFO] [stderr]     Checking bitmask v0.5.0
[INFO] [stderr]     Checking lock_api v0.4.1
[INFO] [stderr]     Checking lock_api v0.3.4
[INFO] [stderr]     Checking itertools v0.9.0
[INFO] [stderr]     Checking bitvec v0.17.4
[INFO] [stderr]     Checking block-padding v0.1.5
[INFO] [stderr]     Checking tracing-core v0.1.16
[INFO] [stderr]     Checking thread_local v1.0.1
[INFO] [stderr]     Checking miniz_oxide v0.4.1
[INFO] [stderr]    Compiling num-traits v0.2.12
[INFO] [stderr]    Compiling num-integer v0.1.43
[INFO] [stderr]    Compiling num-bigint v0.2.6
[INFO] [stderr]    Compiling hashbrown v0.8.2
[INFO] [stderr]    Compiling num-rational v0.2.4
[INFO] [stderr]     Checking futures-channel v0.3.5
[INFO] [stderr]     Checking trie-root v0.16.0
[INFO] [stderr]    Compiling generic-array v0.14.4
[INFO] [stderr]     Checking ed25519 v1.0.2
[INFO] [stderr]     Checking unicode-normalization v0.1.13
[INFO] [stderr]     Checking hash256-std-hasher v0.15.2
[INFO] [stderr]     Checking wasmi-validation v0.3.0
[INFO] [stderr]     Checking aho-corasick v0.7.13
[INFO] [stderr]    Compiling paste-impl v0.1.18
[INFO] [stderr]     Checking uint v0.8.5
[INFO] [stderr]     Checking pwasm-utils v0.14.0
[INFO] [stderr]    Compiling quote v1.0.7
[INFO] [stderr]     Checking parking_lot_core v0.8.0
[INFO] [stderr]     Checking parking_lot_core v0.7.2
[INFO] [stderr]     Checking num_cpus v1.13.0
[INFO] [stderr]     Checking blake2-rfc v0.2.18
[INFO] [stderr]     Checking trie-db v0.22.1
[INFO] [stderr]     Checking rand_core v0.5.1
[INFO] [stderr]     Checking generic-array v0.12.3
[INFO] [stderr]     Checking parking_lot v0.11.0
[INFO] [stderr]     Checking parking_lot v0.10.2
[INFO] [stderr]     Checking integer-sqrt v0.1.5
[INFO] [stderr]     Checking rand_chacha v0.2.2
[INFO] [stderr]     Checking rand_pcg v0.2.1
[INFO] [stderr]     Checking digest v0.8.1
[INFO] [stderr]     Checking crypto-mac v0.7.0
[INFO] [stderr]     Checking block-buffer v0.7.3
[INFO] [stderr]     Checking once_cell v1.4.1
[INFO] [stderr]     Checking addr2line v0.13.0
[INFO] [stderr]    Compiling regex v1.3.9
[INFO] [stderr]     Checking rand v0.7.3
[INFO] [stderr]     Checking pbkdf2 v0.3.0
[INFO] [stderr]     Checking paste v0.1.18
[INFO] [stderr]     Checking hmac v0.7.1
[INFO] [stderr]     Checking sha2 v0.8.2
[INFO] [stderr]     Checking digest v0.9.0
[INFO] [stderr]     Checking block-buffer v0.9.0
[INFO] [stderr]     Checking futures-task v0.3.5
[INFO] [stderr]     Checking hmac-drbg v0.2.0
[INFO] [stderr]     Checking sha2 v0.9.1
[INFO] [stderr]     Checking backtrace v0.3.50
[INFO] [stderr]     Checking sp-panic-handler v2.0.0-rc6
[INFO] [stderr]     Checking fixed-hash v0.6.1
[INFO] [stderr]     Checking libsecp256k1 v0.3.5
[INFO] [stderr]     Checking twox-hash v1.5.0
[INFO] [stderr]    Compiling Inflector v0.11.4
[INFO] [stderr]     Checking wasmi v0.6.2
[INFO] [stderr]    Compiling synstructure v0.12.4
[INFO] [stderr]    Compiling zeroize_derive v1.0.0
[INFO] [stderr]    Compiling ref-cast-impl v1.0.2
[INFO] [stderr]    Compiling impl-trait-for-tuples v0.1.3
[INFO] [stderr]    Compiling sp-debug-derive v2.0.0-rc6
[INFO] [stderr]    Compiling rental-impl v0.5.5
[INFO] [stderr]    Compiling tracing-attributes v0.1.11
[INFO] [stderr]    Compiling futures-macro v0.3.5
[INFO] [stderr]    Compiling parity-util-mem-derive v0.1.0
[INFO] [stderr]    Compiling dyn-clonable-impl v0.9.0
[INFO] [stderr]    Compiling derive_more v0.99.10
[INFO] [stderr]    Compiling frame-support-procedural-tools-derive v2.0.0-rc6
[INFO] [stderr]     Checking dyn-clonable v0.9.0
[INFO] [stderr]     Checking ref-cast v1.0.2
[INFO] [stderr]     Checking zeroize v1.1.0
[INFO] [stderr]     Checking curve25519-dalek v2.1.0
[INFO] [stderr]     Checking merlin v2.0.0
[INFO] [stderr]     Checking curve25519-dalek v3.0.0
[INFO] [stderr]     Checking secrecy v0.6.0
[INFO] [stderr]     Checking failure v0.1.8
[INFO] [stderr]     Checking tiny-bip39 v0.7.3
[INFO] [stderr]     Checking tracing v0.1.19
[INFO] [stderr]     Checking schnorrkel v0.9.1
[INFO] [stderr]     Checking pin-project v0.4.23
[INFO] [stderr]     Checking futures-util v0.3.5
[INFO] [stderr]     Checking substrate-bip39 v0.4.2
[INFO] [stderr]     Checking futures-executor v0.3.5
[INFO] [stderr]     Checking futures v0.3.5
[INFO] [stderr]     Checking rental v0.5.5
[INFO] [stderr]     Checking sp-tracing v2.0.0-rc6
[INFO] [stderr]     Checking impl-serde v0.3.1
[INFO] [stderr]     Checking impl-serde v0.2.3
[INFO] [stderr]     Checking ed25519-dalek v1.0.0
[INFO] [stderr]    Compiling toml v0.5.6
[INFO] [stderr]    Compiling proc-macro-crate v0.1.5
[INFO] [stderr]    Compiling frame-support-procedural-tools v2.0.0-rc6
[INFO] [stderr]    Compiling parity-scale-codec-derive v1.2.2
[INFO] [stderr]    Compiling sp-runtime-interface-proc-macro v2.0.0-rc6
[INFO] [stderr]    Compiling frame-support-procedural v2.0.0-rc6
[INFO] [stderr]     Checking parity-scale-codec v1.3.5
[INFO] [stderr]     Checking impl-codec v0.4.2
[INFO] [stderr]     Checking sp-storage v2.0.0-rc6
[INFO] [stderr]     Checking sp-wasm-interface v2.0.0-rc6
[INFO] [stderr]     Checking sp-arithmetic v2.0.0-rc6
[INFO] [stderr]     Checking primitive-types v0.7.2
[INFO] [stderr]     Checking sp-externalities v0.8.0-rc6
[INFO] [stderr]     Checking sp-runtime-interface v2.0.0-rc6
[INFO] [stderr]     Checking memory-db v0.24.1
[INFO] [stderr]     Checking sp-core v2.0.0-rc6
[INFO] [stderr]     Checking sp-trie v2.0.0-rc6
[INFO] [stderr]     Checking sp-inherents v2.0.0-rc6
[INFO] [stderr]     Checking frame-metadata v11.0.0-rc6
[INFO] [stderr]     Checking sp-state-machine v0.8.0-rc6
[INFO] [stderr]     Checking sp-io v2.0.0-rc6
[INFO] [stderr]     Checking sp-application-crypto v2.0.0-rc6
[INFO] [stderr]     Checking sp-sandbox v0.8.0-rc6
[INFO] [stderr]     Checking sp-runtime v2.0.0-rc6
[INFO] [stderr]     Checking sp-version v2.0.0-rc6
[INFO] [stderr]     Checking frame-support v2.0.0-rc6
[INFO] [stderr]     Checking pallet-contracts-primitives v2.0.0-rc6
[INFO] [stderr]     Checking frame-system v2.0.0-rc6
[INFO] [stderr]     Checking pallet-contracts v2.0.0-rc6 (/opt/rustwide/workdir)
[INFO] [stdout] error[E0432]: unresolved import `assert_matches`
[INFO] [stdout]    --> src/exec.rs:879:6
[INFO] [stdout]     |
[INFO] [stdout] 879 |     use assert_matches::assert_matches;
[INFO] [stdout]     |         ^^^^^^^^^^^^^^ use of undeclared type or module `assert_matches`
[INFO] [stdout] 
[INFO] [stdout] 
[INFO] [stdout] error[E0432]: unresolved import `assert_matches`
[INFO] [stdout]    --> src/wasm/prepare.rs:407:6
[INFO] [stdout]     |
[INFO] [stdout] 407 |     use assert_matches::assert_matches;
[INFO] [stdout]     |         ^^^^^^^^^^^^^^ use of undeclared type or module `assert_matches`
[INFO] [stdout] 
[INFO] [stdout] 
[INFO] [stdout] error[E0432]: unresolved import `hex_literal`
[INFO] [stdout]    --> src/wasm/mod.rs:161:6
[INFO] [stdout]     |
[INFO] [stdout] 161 |     use hex_literal::hex;
[INFO] [stdout]     |         ^^^^^^^^^^^ use of undeclared type or module `hex_literal`
[INFO] [stdout] 
[INFO] [stdout] 
[INFO] [stdout] error[E0432]: unresolved import `hex_literal`
[INFO] [stdout]   --> src/tests.rs:23:5
[INFO] [stdout]    |
[INFO] [stdout] 23 | use hex_literal::*;
[INFO] [stdout]    |     ^^^^^^^^^^^ use of undeclared type or module `hex_literal`
[INFO] [stdout] 
[INFO] [stdout] 
[INFO] [stdout] error[E0432]: unresolved import `assert_matches`
[INFO] [stdout]   --> src/tests.rs:22:5
[INFO] [stdout]    |
[INFO] [stdout] 22 | use assert_matches::assert_matches;
[INFO] [stdout]    |     ^^^^^^^^^^^^^^ use of undeclared type or module `assert_matches`
[INFO] [stdout] 
[INFO] [stdout] 
[INFO] [stdout] error[E0432]: unresolved imports `pallet_balances`, `super::Test`, `super::Balances`
[INFO] [stdout]   --> src/tests.rs:48:5
[INFO] [stdout]    |
[INFO] [stdout] 48 | use pallet_balances as balances;
[INFO] [stdout]    |     ^^^^^^^^^^^^^^^^^^^^^^^^^^^ no `pallet_balances` external crate
[INFO] [stdout] ...
[INFO] [stdout] 69 |     use super::{Test, Balances};
[INFO] [stdout]    |                 ^^^^  ^^^^^^^^
[INFO] [stdout] 
[INFO] [stdout] 
[INFO] [stdout] error[E0433]: failed to resolve: use of undeclared type or module `pretty_assertions`
[INFO] [stdout]    --> src/tests.rs:410:4
[INFO] [stdout]     |
[INFO] [stdout] 410 |             pretty_assertions::assert_eq!(System::events(), vec![
[INFO] [stdout]     |             ^^^^^^^^^^^^^^^^^ use of undeclared type or module `pretty_assertions`
[INFO] [stdout] 
[INFO] [stdout] 
[INFO] [stdout] error[E0433]: failed to resolve: use of undeclared type or module `pretty_assertions`
[INFO] [stdout]     --> src/tests.rs:1210:7
[INFO] [stdout]      |
[INFO] [stdout] 1210 |                         pretty_assertions::assert_eq!(System::events(), vec![
[INFO] [stdout]      |                         ^^^^^^^^^^^^^^^^^ use of undeclared type or module `pretty_assertions`
[INFO] [stdout] 
[INFO] [stdout] 
[INFO] [stdout] error: cannot determine resolution for the macro `assert_matches`
[INFO] [stdout]     --> src/exec.rs:1006:4
[INFO] [stdout]      |
[INFO] [stdout] 1006 |             assert_matches!(
[INFO] [stdout]      |             ^^^^^^^^^^^^^^
[INFO] [stdout]      |
[INFO] [stdout]      = note: import resolution is stuck, try simplifying macro imports
[INFO] [stdout] 
[INFO] [stdout] 
[INFO] [stdout] error: cannot determine resolution for the macro `assert_matches`
[INFO] [stdout]     --> src/exec.rs:1040:4
[INFO] [stdout]      |
[INFO] [stdout] 1040 |             assert_matches!(result, Ok(_));
[INFO] [stdout]      |             ^^^^^^^^^^^^^^
[INFO] [stdout]      |
[INFO] [stdout]      = note: import resolution is stuck, try simplifying macro imports
[INFO] [stdout] 
[INFO] [stdout] 
[INFO] [stdout] error: cannot determine resolution for the macro `assert_matches`
[INFO] [stdout]     --> src/exec.rs:1060:4
[INFO] [stdout]      |
[INFO] [stdout] 1060 |             assert_matches!(result, Ok(_));
[INFO] [stdout]      |             ^^^^^^^^^^^^^^
[INFO] [stdout]      |
[INFO] [stdout]      = note: import resolution is stuck, try simplifying macro imports
[INFO] [stdout] 
[INFO] [stdout] 
[INFO] [stdout] error: cannot determine resolution for the macro `assert_matches`
[INFO] [stdout]     --> src/exec.rs:1160:4
[INFO] [stdout]      |
[INFO] [stdout] 1160 |             assert_matches!(result, Ok(_));
[INFO] [stdout]      |             ^^^^^^^^^^^^^^
[INFO] [stdout]      |
[INFO] [stdout]      = note: import resolution is stuck, try simplifying macro imports
[INFO] [stdout] 
[INFO] [stdout] 
[INFO] [stdout] error: cannot determine resolution for the macro `assert_matches`
[INFO] [stdout]     --> src/exec.rs:1192:4
[INFO] [stdout]      |
[INFO] [stdout] 1192 |             assert_matches!(result, Ok(_));
[INFO] [stdout]      |             ^^^^^^^^^^^^^^
[INFO] [stdout]      |
[INFO] [stdout]      = note: import resolution is stuck, try simplifying macro imports
[INFO] [stdout] 
[INFO] [stdout] 
[INFO] [stdout] error: cannot determine resolution for the macro `assert_matches`
[INFO] [stdout]     --> src/exec.rs:1219:4
[INFO] [stdout]      |
[INFO] [stdout] 1219 |             assert_matches!(result, Ok(_));
[INFO] [stdout]      |             ^^^^^^^^^^^^^^
[INFO] [stdout]      |
[INFO] [stdout]      = note: import resolution is stuck, try simplifying macro imports
[INFO] [stdout] 
[INFO] [stdout] 
[INFO] [stdout] error: cannot determine resolution for the macro `assert_matches`
[INFO] [stdout]     --> src/exec.rs:1349:4
[INFO] [stdout]      |
[INFO] [stdout] 1349 |             assert_matches!(result, Ok(_));
[INFO] [stdout]      |             ^^^^^^^^^^^^^^
[INFO] [stdout]      |
[INFO] [stdout]      = note: import resolution is stuck, try simplifying macro imports
[INFO] [stdout] 
[INFO] [stdout] 
[INFO] [stdout] error: cannot determine resolution for the macro `assert_matches`
[INFO] [stdout]     --> src/exec.rs:1375:4
[INFO] [stdout]      |
[INFO] [stdout] 1375 |             assert_matches!(result, Ok(_));
[INFO] [stdout]      |             ^^^^^^^^^^^^^^
[INFO] [stdout]      |
[INFO] [stdout]      = note: import resolution is stuck, try simplifying macro imports
[INFO] [stdout] 
[INFO] [stdout] 
[INFO] [stdout] error: cannot determine resolution for the macro `assert_matches`
[INFO] [stdout]     --> src/exec.rs:1403:5
[INFO] [stdout]      |
[INFO] [stdout] 1403 |                 assert_matches!(r, Ok(_));
[INFO] [stdout]      |                 ^^^^^^^^^^^^^^
[INFO] [stdout]      |
[INFO] [stdout]      = note: import resolution is stuck, try simplifying macro imports
[INFO] [stdout] 
[INFO] [stdout] 
[INFO] [stdout] error: cannot determine resolution for the macro `assert_matches`
[INFO] [stdout]     --> src/exec.rs:1422:4
[INFO] [stdout]      |
[INFO] [stdout] 1422 |             assert_matches!(result, Ok(_));
[INFO] [stdout]      |             ^^^^^^^^^^^^^^
[INFO] [stdout]      |
[INFO] [stdout]      = note: import resolution is stuck, try simplifying macro imports
[INFO] [stdout] 
[INFO] [stdout] 
[INFO] [stdout] error: cannot determine resolution for the macro `assert_matches`
[INFO] [stdout]     --> src/exec.rs:1442:4
[INFO] [stdout]      |
[INFO] [stdout] 1442 |             assert_matches!(
[INFO] [stdout]      |             ^^^^^^^^^^^^^^
[INFO] [stdout]      |
[INFO] [stdout]      = note: import resolution is stuck, try simplifying macro imports
[INFO] [stdout] 
[INFO] [stdout] 
[INFO] [stdout] error: cannot determine resolution for the macro `assert_matches`
[INFO] [stdout]     --> src/exec.rs:1468:4
[INFO] [stdout]      |
[INFO] [stdout] 1468 |             assert_matches!(result, Ok(_));
[INFO] [stdout]      |             ^^^^^^^^^^^^^^
[INFO] [stdout]      |
[INFO] [stdout]      = note: import resolution is stuck, try simplifying macro imports
[INFO] [stdout] 
[INFO] [stdout] 
[INFO] [stdout] error: cannot determine resolution for the macro `assert_matches`
[INFO] [stdout]     --> src/exec.rs:1485:4
[INFO] [stdout]      |
[INFO] [stdout] 1485 |             assert_matches!(
[INFO] [stdout]      |             ^^^^^^^^^^^^^^
[INFO] [stdout]      |
[INFO] [stdout]      = note: import resolution is stuck, try simplifying macro imports
[INFO] [stdout] 
[INFO] [stdout] 
[INFO] [stdout] error: cannot determine resolution for the macro `assert_matches`
[INFO] [stdout]     --> src/exec.rs:1509:4
[INFO] [stdout]      |
[INFO] [stdout] 1509 |             assert_matches!(result, Ok(_));
[INFO] [stdout]      |             ^^^^^^^^^^^^^^
[INFO] [stdout]      |
[INFO] [stdout]      = note: import resolution is stuck, try simplifying macro imports
[INFO] [stdout] 
[INFO] [stdout] 
[INFO] [stdout] error: cannot determine resolution for the macro `assert_matches`
[INFO] [stdout]     --> src/exec.rs:1524:4
[INFO] [stdout]      |
[INFO] [stdout] 1524 |             assert_matches!(
[INFO] [stdout]      |             ^^^^^^^^^^^^^^
[INFO] [stdout]      |
[INFO] [stdout]      = note: import resolution is stuck, try simplifying macro imports
[INFO] [stdout] 
[INFO] [stdout] 
[INFO] [stdout] error: cannot determine resolution for the macro `assert_matches`
[INFO] [stdout]     --> src/exec.rs:1550:40
[INFO] [stdout]      |
[INFO] [stdout] 1550 |             let instantiated_contract_address = assert_matches!(
[INFO] [stdout]      |                                                 ^^^^^^^^^^^^^^
[INFO] [stdout]      |
[INFO] [stdout]      = note: import resolution is stuck, try simplifying macro imports
[INFO] [stdout] 
[INFO] [stdout] 
[INFO] [stdout] error: cannot determine resolution for the macro `assert_matches`
[INFO] [stdout]     --> src/exec.rs:1583:40
[INFO] [stdout]      |
[INFO] [stdout] 1583 |             let instantiated_contract_address = assert_matches!(
[INFO] [stdout]      |                                                 ^^^^^^^^^^^^^^
[INFO] [stdout]      |
[INFO] [stdout]      = note: import resolution is stuck, try simplifying macro imports
[INFO] [stdout] 
[INFO] [stdout] 
[INFO] [stdout] error: cannot determine resolution for the macro `assert_matches`
[INFO] [stdout]     --> src/exec.rs:1630:4
[INFO] [stdout]      |
[INFO] [stdout] 1630 |             assert_matches!(
[INFO] [stdout]      |             ^^^^^^^^^^^^^^
[INFO] [stdout]      |
[INFO] [stdout]      = note: import resolution is stuck, try simplifying macro imports
[INFO] [stdout] 
[INFO] [stdout] 
[INFO] [stdout] error: cannot determine resolution for the macro `assert_matches`
[INFO] [stdout]     --> src/exec.rs:1658:5
[INFO] [stdout]      |
[INFO] [stdout] 1658 |                 assert_matches!(
[INFO] [stdout]      |                 ^^^^^^^^^^^^^^
[INFO] [stdout]      |
[INFO] [stdout]      = note: import resolution is stuck, try simplifying macro imports
[INFO] [stdout] 
[INFO] [stdout] 
[INFO] [stdout] error: cannot determine resolution for the macro `assert_matches`
[INFO] [stdout]     --> src/exec.rs:1682:4
[INFO] [stdout]      |
[INFO] [stdout] 1682 |             assert_matches!(
[INFO] [stdout]      |             ^^^^^^^^^^^^^^
[INFO] [stdout]      |
[INFO] [stdout]      = note: import resolution is stuck, try simplifying macro imports
[INFO] [stdout] 
[INFO] [stdout] 
[INFO] [stdout] error: cannot determine resolution for the macro `assert_matches`
[INFO] [stdout]     --> src/exec.rs:1751:4
[INFO] [stdout]      |
[INFO] [stdout] 1751 |             assert_matches!(result, Ok(_));
[INFO] [stdout]      |             ^^^^^^^^^^^^^^
[INFO] [stdout]      |
[INFO] [stdout]      = note: import resolution is stuck, try simplifying macro imports
[INFO] [stdout] 
[INFO] [stdout] 
[INFO] [stdout] error: cannot determine resolution for the macro `assert_matches`
[INFO] [stdout]    --> src/wasm/prepare.rs:435:5
[INFO] [stdout]     |
[INFO] [stdout] 435 |                   assert_matches!(r, $($expected)*);
[INFO] [stdout]     |                   ^^^^^^^^^^^^^^
[INFO] [stdout] ...
[INFO] [stdout] 440 |       prepare_test!(no_floats,
[INFO] [stdout]     |  _____-
[INFO] [stdout] 441 | |         r#"
[INFO] [stdout] 442 | |         (module
[INFO] [stdout] 443 | |             (func (export "call")
[INFO] [stdout] ...   |
[INFO] [stdout] 453 | |         Err("gas instrumentation failed")
[INFO] [stdout] 454 | |     );
[INFO] [stdout]     | |______- in this macro invocation
[INFO] [stdout]     |
[INFO] [stdout]     = note: import resolution is stuck, try simplifying macro imports
[INFO] [stdout]     = note: this error originates in a macro (in Nightly builds, run with -Z macro-backtrace for more info)
[INFO] [stdout] 
[INFO] [stdout] 
[INFO] [stdout] error: cannot determine resolution for the macro `assert_matches`
[INFO] [stdout]    --> src/wasm/prepare.rs:435:5
[INFO] [stdout]     |
[INFO] [stdout] 435 |                   assert_matches!(r, $($expected)*);
[INFO] [stdout]     |                   ^^^^^^^^^^^^^^
[INFO] [stdout] ...
[INFO] [stdout] 465 |           prepare_test!(memory_with_one_page,
[INFO] [stdout]     |  _________-
[INFO] [stdout] 466 | |             r#"
[INFO] [stdout] 467 | |             (module
[INFO] [stdout] 468 | |                 (import "env" "memory" (memory 1 1))
[INFO] [stdout] ...   |
[INFO] [stdout] 474 | |             Ok(_)
[INFO] [stdout] 475 | |         );
[INFO] [stdout]     | |__________- in this macro invocation
[INFO] [stdout]     |
[INFO] [stdout]     = note: import resolution is stuck, try simplifying macro imports
[INFO] [stdout]     = note: this error originates in a macro (in Nightly builds, run with -Z macro-backtrace for more info)
[INFO] [stdout] 
[INFO] [stdout] 
[INFO] [stdout] error: cannot determine resolution for the macro `assert_matches`
[INFO] [stdout]    --> src/wasm/prepare.rs:435:5
[INFO] [stdout]     |
[INFO] [stdout] 435 |                   assert_matches!(r, $($expected)*);
[INFO] [stdout]     |                   ^^^^^^^^^^^^^^
[INFO] [stdout] ...
[INFO] [stdout] 477 |           prepare_test!(internal_memory_declaration,
[INFO] [stdout]     |  _________-
[INFO] [stdout] 478 | |             r#"
[INFO] [stdout] 479 | |             (module
[INFO] [stdout] 480 | |                 (memory 1 1)
[INFO] [stdout] ...   |
[INFO] [stdout] 486 | |             Err("module declares internal memory")
[INFO] [stdout] 487 | |         );
[INFO] [stdout]     | |__________- in this macro invocation
[INFO] [stdout]     |
[INFO] [stdout]     = note: import resolution is stuck, try simplifying macro imports
[INFO] [stdout]     = note: this error originates in a macro (in Nightly builds, run with -Z macro-backtrace for more info)
[INFO] [stdout] 
[INFO] [stdout] 
[INFO] [stdout] error: cannot determine resolution for the macro `assert_matches`
[INFO] [stdout]    --> src/wasm/prepare.rs:435:5
[INFO] [stdout]     |
[INFO] [stdout] 435 |                   assert_matches!(r, $($expected)*);
[INFO] [stdout]     |                   ^^^^^^^^^^^^^^
[INFO] [stdout] ...
[INFO] [stdout] 489 |           prepare_test!(no_memory_import,
[INFO] [stdout]     |  _________-
[INFO] [stdout] 490 | |             r#"
[INFO] [stdout] 491 | |             (module
[INFO] [stdout] 492 | |                 ;; no memory imported
[INFO] [stdout] ...   |
[INFO] [stdout] 497 | |             Ok(_)
[INFO] [stdout] 498 | |         );
[INFO] [stdout]     | |__________- in this macro invocation
[INFO] [stdout]     |
[INFO] [stdout]     = note: import resolution is stuck, try simplifying macro imports
[INFO] [stdout]     = note: this error originates in a macro (in Nightly builds, run with -Z macro-backtrace for more info)
[INFO] [stdout] 
[INFO] [stdout] 
[INFO] [stdout] error: cannot determine resolution for the macro `assert_matches`
[INFO] [stdout]    --> src/wasm/prepare.rs:435:5
[INFO] [stdout]     |
[INFO] [stdout] 435 |                   assert_matches!(r, $($expected)*);
[INFO] [stdout]     |                   ^^^^^^^^^^^^^^
[INFO] [stdout] ...
[INFO] [stdout] 500 |           prepare_test!(initial_exceeds_maximum,
[INFO] [stdout]     |  _________-
[INFO] [stdout] 501 | |             r#"
[INFO] [stdout] 502 | |             (module
[INFO] [stdout] 503 | |                 (import "env" "memory" (memory 16 1))
[INFO] [stdout] ...   |
[INFO] [stdout] 509 | |             Err("Module is not valid")
[INFO] [stdout] 510 | |         );
[INFO] [stdout]     | |__________- in this macro invocation
[INFO] [stdout]     |
[INFO] [stdout]     = note: import resolution is stuck, try simplifying macro imports
[INFO] [stdout]     = note: this error originates in a macro (in Nightly builds, run with -Z macro-backtrace for more info)
[INFO] [stdout] 
[INFO] [stdout] 
[INFO] [stdout] error: cannot determine resolution for the macro `assert_matches`
[INFO] [stdout]    --> src/wasm/prepare.rs:435:5
[INFO] [stdout]     |
[INFO] [stdout] 435 |                   assert_matches!(r, $($expected)*);
[INFO] [stdout]     |                   ^^^^^^^^^^^^^^
[INFO] [stdout] ...
[INFO] [stdout] 512 |           prepare_test!(no_maximum,
[INFO] [stdout]     |  _________-
[INFO] [stdout] 513 | |             r#"
[INFO] [stdout] 514 | |             (module
[INFO] [stdout] 515 | |                 (import "env" "memory" (memory 1))
[INFO] [stdout] ...   |
[INFO] [stdout] 521 | |             Err("Maximum number of pages should be always declared.")
[INFO] [stdout] 522 | |         );
[INFO] [stdout]     | |__________- in this macro invocation
[INFO] [stdout]     |
[INFO] [stdout]     = note: import resolution is stuck, try simplifying macro imports
[INFO] [stdout]     = note: this error originates in a macro (in Nightly builds, run with -Z macro-backtrace for more info)
[INFO] [stdout] 
[INFO] [stdout] 
[INFO] [stdout] error: cannot determine resolution for the macro `assert_matches`
[INFO] [stdout]    --> src/wasm/prepare.rs:435:5
[INFO] [stdout]     |
[INFO] [stdout] 435 |                   assert_matches!(r, $($expected)*);
[INFO] [stdout]     |                   ^^^^^^^^^^^^^^
[INFO] [stdout] ...
[INFO] [stdout] 524 |           prepare_test!(requested_maximum_exceeds_configured_maximum,
[INFO] [stdout]     |  _________-
[INFO] [stdout] 525 | |             r#"
[INFO] [stdout] 526 | |             (module
[INFO] [stdout] 527 | |                 (import "env" "memory" (memory 1 17))
[INFO] [stdout] ...   |
[INFO] [stdout] 533 | |             Err("Maximum number of pages should not exceed the configured maximum.")
[INFO] [stdout] 534 | |         );
[INFO] [stdout]     | |__________- in this macro invocation
[INFO] [stdout]     |
[INFO] [stdout]     = note: import resolution is stuck, try simplifying macro imports
[INFO] [stdout]     = note: this error originates in a macro (in Nightly builds, run with -Z macro-backtrace for more info)
[INFO] [stdout] 
[INFO] [stdout] 
[INFO] [stdout] error: cannot determine resolution for the macro `assert_matches`
[INFO] [stdout]    --> src/wasm/prepare.rs:435:5
[INFO] [stdout]     |
[INFO] [stdout] 435 |                   assert_matches!(r, $($expected)*);
[INFO] [stdout]     |                   ^^^^^^^^^^^^^^
[INFO] [stdout] ...
[INFO] [stdout] 536 |           prepare_test!(field_name_not_memory,
[INFO] [stdout]     |  _________-
[INFO] [stdout] 537 | |             r#"
[INFO] [stdout] 538 | |             (module
[INFO] [stdout] 539 | |                 (import "env" "forgetit" (memory 1 1))
[INFO] [stdout] ...   |
[INFO] [stdout] 545 | |             Err("Memory import must have the field name 'memory'")
[INFO] [stdout] 546 | |         );
[INFO] [stdout]     | |__________- in this macro invocation
[INFO] [stdout]     |
[INFO] [stdout]     = note: import resolution is stuck, try simplifying macro imports
[INFO] [stdout]     = note: this error originates in a macro (in Nightly builds, run with -Z macro-backtrace for more info)
[INFO] [stdout] 
[INFO] [stdout] 
[INFO] [stdout] error: cannot determine resolution for the macro `assert_matches`
[INFO] [stdout]    --> src/wasm/prepare.rs:435:5
[INFO] [stdout]     |
[INFO] [stdout] 435 |                   assert_matches!(r, $($expected)*);
[INFO] [stdout]     |                   ^^^^^^^^^^^^^^
[INFO] [stdout] ...
[INFO] [stdout] 548 |           prepare_test!(multiple_memory_imports,
[INFO] [stdout]     |  _________-
[INFO] [stdout] 549 | |             r#"
[INFO] [stdout] 550 | |             (module
[INFO] [stdout] 551 | |                 (import "env" "memory" (memory 1 1))
[INFO] [stdout] ...   |
[INFO] [stdout] 558 | |             Err("Module is not valid")
[INFO] [stdout] 559 | |         );
[INFO] [stdout]     | |__________- in this macro invocation
[INFO] [stdout]     |
[INFO] [stdout]     = note: import resolution is stuck, try simplifying macro imports
[INFO] [stdout]     = note: this error originates in a macro (in Nightly builds, run with -Z macro-backtrace for more info)
[INFO] [stdout] 
[INFO] [stdout] 
[INFO] [stdout] error: cannot determine resolution for the macro `assert_matches`
[INFO] [stdout]    --> src/wasm/prepare.rs:435:5
[INFO] [stdout]     |
[INFO] [stdout] 435 |                   assert_matches!(r, $($expected)*);
[INFO] [stdout]     |                   ^^^^^^^^^^^^^^
[INFO] [stdout] ...
[INFO] [stdout] 561 |           prepare_test!(table_import,
[INFO] [stdout]     |  _________-
[INFO] [stdout] 562 | |             r#"
[INFO] [stdout] 563 | |             (module
[INFO] [stdout] 564 | |                 (import "seal0" "table" (table 1 anyfunc))
[INFO] [stdout] ...   |
[INFO] [stdout] 570 | |             Err("Cannot import tables")
[INFO] [stdout] 571 | |         );
[INFO] [stdout]     | |__________- in this macro invocation
[INFO] [stdout]     |
[INFO] [stdout]     = note: import resolution is stuck, try simplifying macro imports
[INFO] [stdout]     = note: this error originates in a macro (in Nightly builds, run with -Z macro-backtrace for more info)
[INFO] [stdout] 
[INFO] [stdout] 
[INFO] [stdout] error: cannot determine resolution for the macro `assert_matches`
[INFO] [stdout]    --> src/wasm/prepare.rs:435:5
[INFO] [stdout]     |
[INFO] [stdout] 435 |                   assert_matches!(r, $($expected)*);
[INFO] [stdout]     |                   ^^^^^^^^^^^^^^
[INFO] [stdout] ...
[INFO] [stdout] 573 |           prepare_test!(global_import,
[INFO] [stdout]     |  _________-
[INFO] [stdout] 574 | |             r#"
[INFO] [stdout] 575 | |             (module
[INFO] [stdout] 576 | |                 (global $g (import "seal0" "global") i32)
[INFO] [stdout] ...   |
[INFO] [stdout] 581 | |             Err("Cannot import globals")
[INFO] [stdout] 582 | |         );
[INFO] [stdout]     | |__________- in this macro invocation
[INFO] [stdout]     |
[INFO] [stdout]     = note: import resolution is stuck, try simplifying macro imports
[INFO] [stdout]     = note: this error originates in a macro (in Nightly builds, run with -Z macro-backtrace for more info)
[INFO] [stdout] 
[INFO] [stdout] 
[INFO] [stdout] error: cannot determine resolution for the macro `assert_matches`
[INFO] [stdout]    --> src/wasm/prepare.rs:435:5
[INFO] [stdout]     |
[INFO] [stdout] 435 |                   assert_matches!(r, $($expected)*);
[INFO] [stdout]     |                   ^^^^^^^^^^^^^^
[INFO] [stdout] ...
[INFO] [stdout] 594 |           prepare_test!(no_tables,
[INFO] [stdout]     |  _________-
[INFO] [stdout] 595 | |             r#"
[INFO] [stdout] 596 | |             (module
[INFO] [stdout] 597 | |                 (func (export "call"))
[INFO] [stdout] ...   |
[INFO] [stdout] 601 | |             Ok(_)
[INFO] [stdout] 602 | |         );
[INFO] [stdout]     | |__________- in this macro invocation
[INFO] [stdout]     |
[INFO] [stdout]     = note: import resolution is stuck, try simplifying macro imports
[INFO] [stdout]     = note: this error originates in a macro (in Nightly builds, run with -Z macro-backtrace for more info)
[INFO] [stdout] 
[INFO] [stdout] 
[INFO] [stdout] error: cannot determine resolution for the macro `assert_matches`
[INFO] [stdout]    --> src/wasm/prepare.rs:435:5
[INFO] [stdout]     |
[INFO] [stdout] 435 |                   assert_matches!(r, $($expected)*);
[INFO] [stdout]     |                   ^^^^^^^^^^^^^^
[INFO] [stdout] ...
[INFO] [stdout] 604 |           prepare_test!(table_valid_size,
[INFO] [stdout]     |  _________-
[INFO] [stdout] 605 | |             r#"
[INFO] [stdout] 606 | |             (module
[INFO] [stdout] 607 | |                 (table 10000 funcref)
[INFO] [stdout] ...   |
[INFO] [stdout] 613 | |             Ok(_)
[INFO] [stdout] 614 | |         );
[INFO] [stdout]     | |__________- in this macro invocation
[INFO] [stdout]     |
[INFO] [stdout]     = note: import resolution is stuck, try simplifying macro imports
[INFO] [stdout]     = note: this error originates in a macro (in Nightly builds, run with -Z macro-backtrace for more info)
[INFO] [stdout] 
[INFO] [stdout] 
[INFO] [stdout] error: cannot determine resolution for the macro `assert_matches`
[INFO] [stdout]    --> src/wasm/prepare.rs:435:5
[INFO] [stdout]     |
[INFO] [stdout] 435 |                   assert_matches!(r, $($expected)*);
[INFO] [stdout]     |                   ^^^^^^^^^^^^^^
[INFO] [stdout] ...
[INFO] [stdout] 616 |           prepare_test!(table_too_big,
[INFO] [stdout]     |  _________-
[INFO] [stdout] 617 | |             r#"
[INFO] [stdout] 618 | |             (module
[INFO] [stdout] 619 | |                 (table 20000 funcref)
[INFO] [stdout] ...   |
[INFO] [stdout] 624 | |             Err("table exceeds maximum size allowed")
[INFO] [stdout] 625 | |         );
[INFO] [stdout]     | |__________- in this macro invocation
[INFO] [stdout]     |
[INFO] [stdout]     = note: import resolution is stuck, try simplifying macro imports
[INFO] [stdout]     = note: this error originates in a macro (in Nightly builds, run with -Z macro-backtrace for more info)
[INFO] [stdout] 
[INFO] [stdout] 
[INFO] [stdout] error: cannot determine resolution for the macro `assert_matches`
[INFO] [stdout]    --> src/wasm/prepare.rs:435:5
[INFO] [stdout]     |
[INFO] [stdout] 435 |                   assert_matches!(r, $($expected)*);
[INFO] [stdout]     |                   ^^^^^^^^^^^^^^
[INFO] [stdout] ...
[INFO] [stdout] 631 |           prepare_test!(can_import_legit_function,
[INFO] [stdout]     |  _________-
[INFO] [stdout] 632 | |             r#"
[INFO] [stdout] 633 | |             (module
[INFO] [stdout] 634 | |                 (import "seal0" "nop" (func (param i64)))
[INFO] [stdout] ...   |
[INFO] [stdout] 640 | |             Ok(_)
[INFO] [stdout] 641 | |         );
[INFO] [stdout]     | |__________- in this macro invocation
[INFO] [stdout]     |
[INFO] [stdout]     = note: import resolution is stuck, try simplifying macro imports
[INFO] [stdout]     = note: this error originates in a macro (in Nightly builds, run with -Z macro-backtrace for more info)
[INFO] [stdout] 
[INFO] [stdout] 
[INFO] [stdout] error: cannot determine resolution for the macro `assert_matches`
[INFO] [stdout]    --> src/wasm/prepare.rs:435:5
[INFO] [stdout]     |
[INFO] [stdout] 435 |                   assert_matches!(r, $($expected)*);
[INFO] [stdout]     |                   ^^^^^^^^^^^^^^
[INFO] [stdout] ...
[INFO] [stdout] 645 |           prepare_test!(can_not_import_gas_function,
[INFO] [stdout]     |  _________-
[INFO] [stdout] 646 | |             r#"
[INFO] [stdout] 647 | |             (module
[INFO] [stdout] 648 | |                 (import "seal0" "gas" (func (param i32)))
[INFO] [stdout] ...   |
[INFO] [stdout] 654 | |             Err("module imports a non-existent function")
[INFO] [stdout] 655 | |         );
[INFO] [stdout]     | |__________- in this macro invocation
[INFO] [stdout]     |
[INFO] [stdout]     = note: import resolution is stuck, try simplifying macro imports
[INFO] [stdout]     = note: this error originates in a macro (in Nightly builds, run with -Z macro-backtrace for more info)
[INFO] [stdout] 
[INFO] [stdout] 
[INFO] [stdout] error: cannot determine resolution for the macro `assert_matches`
[INFO] [stdout]    --> src/wasm/prepare.rs:435:5
[INFO] [stdout]     |
[INFO] [stdout] 435 |                   assert_matches!(r, $($expected)*);
[INFO] [stdout]     |                   ^^^^^^^^^^^^^^
[INFO] [stdout] ...
[INFO] [stdout] 658 |           prepare_test!(memory_not_in_seal0,
[INFO] [stdout]     |  _________-
[INFO] [stdout] 659 | |             r#"
[INFO] [stdout] 660 | |             (module
[INFO] [stdout] 661 | |                 (import "seal0" "memory" (memory 1 1))
[INFO] [stdout] ...   |
[INFO] [stdout] 667 | |             Err("Invalid module for imported memory")
[INFO] [stdout] 668 | |         );
[INFO] [stdout]     | |__________- in this macro invocation
[INFO] [stdout]     |
[INFO] [stdout]     = note: import resolution is stuck, try simplifying macro imports
[INFO] [stdout]     = note: this error originates in a macro (in Nightly builds, run with -Z macro-backtrace for more info)
[INFO] [stdout] 
[INFO] [stdout] 
[INFO] [stdout] error: cannot determine resolution for the macro `assert_matches`
[INFO] [stdout]    --> src/wasm/prepare.rs:435:5
[INFO] [stdout]     |
[INFO] [stdout] 435 |                   assert_matches!(r, $($expected)*);
[INFO] [stdout]     |                   ^^^^^^^^^^^^^^
[INFO] [stdout] ...
[INFO] [stdout] 671 |           prepare_test!(memory_not_in_arbitrary_module,
[INFO] [stdout]     |  _________-
[INFO] [stdout] 672 | |             r#"
[INFO] [stdout] 673 | |             (module
[INFO] [stdout] 674 | |                 (import "any_module" "memory" (memory 1 1))
[INFO] [stdout] ...   |
[INFO] [stdout] 680 | |             Err("Invalid module for imported memory")
[INFO] [stdout] 681 | |         );
[INFO] [stdout]     | |__________- in this macro invocation
[INFO] [stdout]     |
[INFO] [stdout]     = note: import resolution is stuck, try simplifying macro imports
[INFO] [stdout]     = note: this error originates in a macro (in Nightly builds, run with -Z macro-backtrace for more info)
[INFO] [stdout] 
[INFO] [stdout] 
[INFO] [stdout] error: cannot determine resolution for the macro `assert_matches`
[INFO] [stdout]    --> src/wasm/prepare.rs:435:5
[INFO] [stdout]     |
[INFO] [stdout] 435 |                   assert_matches!(r, $($expected)*);
[INFO] [stdout]     |                   ^^^^^^^^^^^^^^
[INFO] [stdout] ...
[INFO] [stdout] 684 |           prepare_test!(function_not_in_env,
[INFO] [stdout]     |  _________-
[INFO] [stdout] 685 | |             r#"
[INFO] [stdout] 686 | |             (module
[INFO] [stdout] 687 | |                 (import "env" "nop" (func (param i64)))
[INFO] [stdout] ...   |
[INFO] [stdout] 693 | |             Err("Invalid module for imported function")
[INFO] [stdout] 694 | |         );
[INFO] [stdout]     | |__________- in this macro invocation
[INFO] [stdout]     |
[INFO] [stdout]     = note: import resolution is stuck, try simplifying macro imports
[INFO] [stdout]     = note: this error originates in a macro (in Nightly builds, run with -Z macro-backtrace for more info)
[INFO] [stdout] 
[INFO] [stdout] 
[INFO] [stdout] error: cannot determine resolution for the macro `assert_matches`
[INFO] [stdout]    --> src/wasm/prepare.rs:435:5
[INFO] [stdout]     |
[INFO] [stdout] 435 |                   assert_matches!(r, $($expected)*);
[INFO] [stdout]     |                   ^^^^^^^^^^^^^^
[INFO] [stdout] ...
[INFO] [stdout] 697 |           prepare_test!(function_not_arbitrary_module,
[INFO] [stdout]     |  _________-
[INFO] [stdout] 698 | |             r#"
[INFO] [stdout] 699 | |             (module
[INFO] [stdout] 700 | |                 (import "any_module" "nop" (func (param i64)))
[INFO] [stdout] ...   |
[INFO] [stdout] 706 | |             Err("Invalid module for imported function")
[INFO] [stdout] 707 | |         );
[INFO] [stdout]     | |__________- in this macro invocation
[INFO] [stdout]     |
[INFO] [stdout]     = note: import resolution is stuck, try simplifying macro imports
[INFO] [stdout]     = note: this error originates in a macro (in Nightly builds, run with -Z macro-backtrace for more info)
[INFO] [stdout] 
[INFO] [stdout] 
[INFO] [stdout] error: cannot determine resolution for the macro `assert_matches`
[INFO] [stdout]    --> src/wasm/prepare.rs:435:5
[INFO] [stdout]     |
[INFO] [stdout] 435 |                   assert_matches!(r, $($expected)*);
[INFO] [stdout]     |                   ^^^^^^^^^^^^^^
[INFO] [stdout] ...
[INFO] [stdout] 710 |           prepare_test!(wrong_signature,
[INFO] [stdout]     |  _________-
[INFO] [stdout] 711 | |             r#"
[INFO] [stdout] 712 | |             (module
[INFO] [stdout] 713 | |                 (import "seal0" "gas" (func (param i64)))
[INFO] [stdout] ...   |
[INFO] [stdout] 719 | |             Err("module imports a non-existent function")
[INFO] [stdout] 720 | |         );
[INFO] [stdout]     | |__________- in this macro invocation
[INFO] [stdout]     |
[INFO] [stdout]     = note: import resolution is stuck, try simplifying macro imports
[INFO] [stdout]     = note: this error originates in a macro (in Nightly builds, run with -Z macro-backtrace for more info)
[INFO] [stdout] 
[INFO] [stdout] 
[INFO] [stdout] error: cannot determine resolution for the macro `assert_matches`
[INFO] [stdout]    --> src/wasm/prepare.rs:435:5
[INFO] [stdout]     |
[INFO] [stdout] 435 |                   assert_matches!(r, $($expected)*);
[INFO] [stdout]     |                   ^^^^^^^^^^^^^^
[INFO] [stdout] ...
[INFO] [stdout] 722 |           prepare_test!(unknown_func_name,
[INFO] [stdout]     |  _________-
[INFO] [stdout] 723 | |             r#"
[INFO] [stdout] 724 | |             (module
[INFO] [stdout] 725 | |                 (import "seal0" "unknown_func" (func))
[INFO] [stdout] ...   |
[INFO] [stdout] 731 | |             Err("module imports a non-existent function")
[INFO] [stdout] 732 | |         );
[INFO] [stdout]     | |__________- in this macro invocation
[INFO] [stdout]     |
[INFO] [stdout]     = note: import resolution is stuck, try simplifying macro imports
[INFO] [stdout]     = note: this error originates in a macro (in Nightly builds, run with -Z macro-backtrace for more info)
[INFO] [stdout] 
[INFO] [stdout] 
[INFO] [stdout] error: cannot determine resolution for the macro `assert_matches`
[INFO] [stdout]    --> src/wasm/prepare.rs:435:5
[INFO] [stdout]     |
[INFO] [stdout] 435 |                   assert_matches!(r, $($expected)*);
[INFO] [stdout]     |                   ^^^^^^^^^^^^^^
[INFO] [stdout] ...
[INFO] [stdout] 734 |           prepare_test!(seal_println_debug_disabled,
[INFO] [stdout]     |  _________-
[INFO] [stdout] 735 | |             r#"
[INFO] [stdout] 736 | |             (module
[INFO] [stdout] 737 | |                 (import "seal0" "seal_println" (func $seal_println (param i32 i32)))
[INFO] [stdout] ...   |
[INFO] [stdout] 743 | |             Err("module imports `seal_println` but debug features disabled")
[INFO] [stdout] 744 | |         );
[INFO] [stdout]     | |__________- in this macro invocation
[INFO] [stdout]     |
[INFO] [stdout]     = note: import resolution is stuck, try simplifying macro imports
[INFO] [stdout]     = note: this error originates in a macro (in Nightly builds, run with -Z macro-backtrace for more info)
[INFO] [stdout] 
[INFO] [stdout] 
[INFO] [stdout] error: cannot determine resolution for the macro `assert_matches`
[INFO] [stdout]    --> src/wasm/prepare.rs:761:4
[INFO] [stdout]     |
[INFO] [stdout] 761 |             assert_matches!(r, Ok(_));
[INFO] [stdout]     |             ^^^^^^^^^^^^^^
[INFO] [stdout]     |
[INFO] [stdout]     = note: import resolution is stuck, try simplifying macro imports
[INFO] [stdout] 
[INFO] [stdout] 
[INFO] [stdout] error: cannot determine resolution for the macro `assert_matches`
[INFO] [stdout]    --> src/wasm/prepare.rs:435:5
[INFO] [stdout]     |
[INFO] [stdout] 435 |                   assert_matches!(r, $($expected)*);
[INFO] [stdout]     |                   ^^^^^^^^^^^^^^
[INFO] [stdout] ...
[INFO] [stdout] 768 |           prepare_test!(it_works,
[INFO] [stdout]     |  _________-
[INFO] [stdout] 769 | |             r#"
[INFO] [stdout] 770 | |             (module
[INFO] [stdout] 771 | |                 (func (export "call"))
[INFO] [stdout] ...   |
[INFO] [stdout] 775 | |             Ok(_)
[INFO] [stdout] 776 | |         );
[INFO] [stdout]     | |__________- in this macro invocation
[INFO] [stdout]     |
[INFO] [stdout]     = note: import resolution is stuck, try simplifying macro imports
[INFO] [stdout]     = note: this error originates in a macro (in Nightly builds, run with -Z macro-backtrace for more info)
[INFO] [stdout] 
[INFO] [stdout] 
[INFO] [stdout] error: cannot determine resolution for the macro `assert_matches`
[INFO] [stdout]    --> src/wasm/prepare.rs:435:5
[INFO] [stdout]     |
[INFO] [stdout] 435 |                   assert_matches!(r, $($expected)*);
[INFO] [stdout]     |                   ^^^^^^^^^^^^^^
[INFO] [stdout] ...
[INFO] [stdout] 778 |           prepare_test!(omit_deploy,
[INFO] [stdout]     |  _________-
[INFO] [stdout] 779 | |             r#"
[INFO] [stdout] 780 | |             (module
[INFO] [stdout] 781 | |                 (func (export "call"))
[INFO] [stdout] ...   |
[INFO] [stdout] 784 | |             Err("deploy function isn't exported")
[INFO] [stdout] 785 | |         );
[INFO] [stdout]     | |__________- in this macro invocation
[INFO] [stdout]     |
[INFO] [stdout]     = note: import resolution is stuck, try simplifying macro imports
[INFO] [stdout]     = note: this error originates in a macro (in Nightly builds, run with -Z macro-backtrace for more info)
[INFO] [stdout] 
[INFO] [stdout] 
[INFO] [stdout] error: cannot determine resolution for the macro `assert_matches`
[INFO] [stdout]    --> src/wasm/prepare.rs:435:5
[INFO] [stdout]     |
[INFO] [stdout] 435 |                   assert_matches!(r, $($expected)*);
[INFO] [stdout]     |                   ^^^^^^^^^^^^^^
[INFO] [stdout] ...
[INFO] [stdout] 787 |           prepare_test!(omit_call,
[INFO] [stdout]     |  _________-
[INFO] [stdout] 788 | |             r#"
[INFO] [stdout] 789 | |             (module
[INFO] [stdout] 790 | |                 (func (export "deploy"))
[INFO] [stdout] ...   |
[INFO] [stdout] 793 | |             Err("call function isn't exported")
[INFO] [stdout] 794 | |         );
[INFO] [stdout]     | |__________- in this macro invocation
[INFO] [stdout]     |
[INFO] [stdout]     = note: import resolution is stuck, try simplifying macro imports
[INFO] [stdout]     = note: this error originates in a macro (in Nightly builds, run with -Z macro-backtrace for more info)
[INFO] [stdout] 
[INFO] [stdout] 
[INFO] [stdout] error: cannot determine resolution for the macro `assert_matches`
[INFO] [stdout]    --> src/wasm/prepare.rs:435:5
[INFO] [stdout]     |
[INFO] [stdout] 435 |                   assert_matches!(r, $($expected)*);
[INFO] [stdout]     |                   ^^^^^^^^^^^^^^
[INFO] [stdout] ...
[INFO] [stdout] 797 |           prepare_test!(try_sneak_export_as_entrypoint,
[INFO] [stdout]     |  _________-
[INFO] [stdout] 798 | |             r#"
[INFO] [stdout] 799 | |             (module
[INFO] [stdout] 800 | |                 (import "seal0" "panic" (func))
[INFO] [stdout] ...   |
[INFO] [stdout] 807 | |             Err("entry point points to an imported function")
[INFO] [stdout] 808 | |         );
[INFO] [stdout]     | |__________- in this macro invocation
[INFO] [stdout]     |
[INFO] [stdout]     = note: import resolution is stuck, try simplifying macro imports
[INFO] [stdout]     = note: this error originates in a macro (in Nightly builds, run with -Z macro-backtrace for more info)
[INFO] [stdout] 
[INFO] [stdout] 
[INFO] [stdout] error: cannot determine resolution for the macro `assert_matches`
[INFO] [stdout]    --> src/wasm/prepare.rs:435:5
[INFO] [stdout]     |
[INFO] [stdout] 435 |                   assert_matches!(r, $($expected)*);
[INFO] [stdout]     |                   ^^^^^^^^^^^^^^
[INFO] [stdout] ...
[INFO] [stdout] 811 |           prepare_test!(try_sneak_export_as_global,
[INFO] [stdout]     |  _________-
[INFO] [stdout] 812 | |             r#"
[INFO] [stdout] 813 | |             (module
[INFO] [stdout] 814 | |                 (func (export "deploy"))
[INFO] [stdout] ...   |
[INFO] [stdout] 818 | |             Err("expected a function")
[INFO] [stdout] 819 | |         );
[INFO] [stdout]     | |__________- in this macro invocation
[INFO] [stdout]     |
[INFO] [stdout]     = note: import resolution is stuck, try simplifying macro imports
[INFO] [stdout]     = note: this error originates in a macro (in Nightly builds, run with -Z macro-backtrace for more info)
[INFO] [stdout] 
[INFO] [stdout] 
[INFO] [stdout] error: cannot determine resolution for the macro `assert_matches`
[INFO] [stdout]    --> src/wasm/prepare.rs:435:5
[INFO] [stdout]     |
[INFO] [stdout] 435 |                   assert_matches!(r, $($expected)*);
[INFO] [stdout]     |                   ^^^^^^^^^^^^^^
[INFO] [stdout] ...
[INFO] [stdout] 821 |           prepare_test!(wrong_signature,
[INFO] [stdout]     |  _________-
[INFO] [stdout] 822 | |             r#"
[INFO] [stdout] 823 | |             (module
[INFO] [stdout] 824 | |                 (func (export "deploy"))
[INFO] [stdout] ...   |
[INFO] [stdout] 828 | |             Err("entry point has wrong signature")
[INFO] [stdout] 829 | |         );
[INFO] [stdout]     | |__________- in this macro invocation
[INFO] [stdout]     |
[INFO] [stdout]     = note: import resolution is stuck, try simplifying macro imports
[INFO] [stdout]     = note: this error originates in a macro (in Nightly builds, run with -Z macro-backtrace for more info)
[INFO] [stdout] 
[INFO] [stdout] 
[INFO] [stdout] error: cannot determine resolution for the macro `assert_matches`
[INFO] [stdout]    --> src/wasm/prepare.rs:435:5
[INFO] [stdout]     |
[INFO] [stdout] 435 |                   assert_matches!(r, $($expected)*);
[INFO] [stdout]     |                   ^^^^^^^^^^^^^^
[INFO] [stdout] ...
[INFO] [stdout] 831 |           prepare_test!(unknown_exports,
[INFO] [stdout]     |  _________-
[INFO] [stdout] 832 | |             r#"
[INFO] [stdout] 833 | |             (module
[INFO] [stdout] 834 | |                 (func (export "call"))
[INFO] [stdout] ...   |
[INFO] [stdout] 839 | |             Err("unknown export: expecting only deploy and call functions")
[INFO] [stdout] 840 | |         );
[INFO] [stdout]     | |__________- in this macro invocation
[INFO] [stdout]     |
[INFO] [stdout]     = note: import resolution is stuck, try simplifying macro imports
[INFO] [stdout]     = note: this error originates in a macro (in Nightly builds, run with -Z macro-backtrace for more info)
[INFO] [stdout] 
[INFO] [stdout] 
[INFO] [stdout] error: cannot determine resolution for the macro `assert_matches`
[INFO] [stdout]    --> src/wasm/prepare.rs:435:5
[INFO] [stdout]     |
[INFO] [stdout] 435 |                   assert_matches!(r, $($expected)*);
[INFO] [stdout]     |                   ^^^^^^^^^^^^^^
[INFO] [stdout] ...
[INFO] [stdout] 842 |           prepare_test!(global_float,
[INFO] [stdout]     |  _________-
[INFO] [stdout] 843 | |             r#"
[INFO] [stdout] 844 | |             (module
[INFO] [stdout] 845 | |                 (global $x f32 (f32.const 0))
[INFO] [stdout] ...   |
[INFO] [stdout] 850 | |             Err("use of floating point type in globals is forbidden")
[INFO] [stdout] 851 | |         );
[INFO] [stdout]     | |__________- in this macro invocation
[INFO] [stdout]     |
[INFO] [stdout]     = note: import resolution is stuck, try simplifying macro imports
[INFO] [stdout]     = note: this error originates in a macro (in Nightly builds, run with -Z macro-backtrace for more info)
[INFO] [stdout] 
[INFO] [stdout] 
[INFO] [stdout] error: cannot determine resolution for the macro `assert_matches`
[INFO] [stdout]    --> src/wasm/prepare.rs:435:5
[INFO] [stdout]     |
[INFO] [stdout] 435 |                   assert_matches!(r, $($expected)*);
[INFO] [stdout]     |                   ^^^^^^^^^^^^^^
[INFO] [stdout] ...
[INFO] [stdout] 853 |           prepare_test!(local_float,
[INFO] [stdout]     |  _________-
[INFO] [stdout] 854 | |             r#"
[INFO] [stdout] 855 | |             (module
[INFO] [stdout] 856 | |                 (func $foo (local f32))
[INFO] [stdout] ...   |
[INFO] [stdout] 861 | |             Err("use of floating point type in locals is forbidden")
[INFO] [stdout] 862 | |         );
[INFO] [stdout]     | |__________- in this macro invocation
[INFO] [stdout]     |
[INFO] [stdout]     = note: import resolution is stuck, try simplifying macro imports
[INFO] [stdout]     = note: this error originates in a macro (in Nightly builds, run with -Z macro-backtrace for more info)
[INFO] [stdout] 
[INFO] [stdout] 
[INFO] [stdout] error: cannot determine resolution for the macro `assert_matches`
[INFO] [stdout]    --> src/wasm/prepare.rs:435:5
[INFO] [stdout]     |
[INFO] [stdout] 435 |                   assert_matches!(r, $($expected)*);
[INFO] [stdout]     |                   ^^^^^^^^^^^^^^
[INFO] [stdout] ...
[INFO] [stdout] 864 |           prepare_test!(param_float,
[INFO] [stdout]     |  _________-
[INFO] [stdout] 865 | |             r#"
[INFO] [stdout] 866 | |             (module
[INFO] [stdout] 867 | |                 (func $foo (param f32))
[INFO] [stdout] ...   |
[INFO] [stdout] 872 | |             Err("use of floating point type in function types is forbidden")
[INFO] [stdout] 873 | |         );
[INFO] [stdout]     | |__________- in this macro invocation
[INFO] [stdout]     |
[INFO] [stdout]     = note: import resolution is stuck, try simplifying macro imports
[INFO] [stdout]     = note: this error originates in a macro (in Nightly builds, run with -Z macro-backtrace for more info)
[INFO] [stdout] 
[INFO] [stdout] 
[INFO] [stdout] error: cannot determine resolution for the macro `assert_matches`
[INFO] [stdout]    --> src/wasm/prepare.rs:435:5
[INFO] [stdout]     |
[INFO] [stdout] 435 |                   assert_matches!(r, $($expected)*);
[INFO] [stdout]     |                   ^^^^^^^^^^^^^^
[INFO] [stdout] ...
[INFO] [stdout] 875 |           prepare_test!(result_float,
[INFO] [stdout]     |  _________-
[INFO] [stdout] 876 | |             r#"
[INFO] [stdout] 877 | |             (module
[INFO] [stdout] 878 | |                 (func $foo (result f32) (f32.const 0))
[INFO] [stdout] ...   |
[INFO] [stdout] 883 | |             Err("use of floating point type in function types is forbidden")
[INFO] [stdout] 884 | |         );
[INFO] [stdout]     | |__________- in this macro invocation
[INFO] [stdout]     |
[INFO] [stdout]     = note: import resolution is stuck, try simplifying macro imports
[INFO] [stdout]     = note: this error originates in a macro (in Nightly builds, run with -Z macro-backtrace for more info)
[INFO] [stdout] 
[INFO] [stdout] 
[INFO] [stdout] error: cannot determine resolution for the macro `hex`
[INFO] [stdout]     --> src/wasm/mod.rs:1429:11
[INFO] [stdout]      |
[INFO] [stdout] 1429 |                 data: hex!("000102030405060708090A0B0C0D0E0F000102030405060708090A0B0C0D0E0F").to_vec(),
[INFO] [stdout]      |                       ^^^
[INFO] [stdout]      |
[INFO] [stdout]      = note: import resolution is stuck, try simplifying macro imports
[INFO] [stdout] 
[INFO] [stdout] 
[INFO] [stdout] error: cannot determine resolution for the macro `hex`
[INFO] [stdout]     --> src/wasm/mod.rs:1656:4
[INFO] [stdout]      |
[INFO] [stdout] 1656 |             hex!("00000000445566778899").to_vec(),
[INFO] [stdout]      |             ^^^
[INFO] [stdout]      |
[INFO] [stdout]      = note: import resolution is stuck, try simplifying macro imports
[INFO] [stdout] 
[INFO] [stdout] 
[INFO] [stdout] error: cannot determine resolution for the macro `hex`
[INFO] [stdout]     --> src/wasm/mod.rs:1661:75
[INFO] [stdout]      |
[INFO] [stdout] 1661 |         assert_eq!(output, ExecReturnValue { flags: ReturnFlags::empty(), data: hex!("445566778899").to_vec() });
[INFO] [stdout]      |                                                                                 ^^^
[INFO] [stdout]      |
[INFO] [stdout]      = note: import resolution is stuck, try simplifying macro imports
[INFO] [stdout] 
[INFO] [stdout] 
[INFO] [stdout] error: cannot determine resolution for the macro `hex`
[INFO] [stdout]     --> src/wasm/mod.rs:1669:4
[INFO] [stdout]      |
[INFO] [stdout] 1669 |             hex!("010000005566778899").to_vec(),
[INFO] [stdout]      |             ^^^
[INFO] [stdout]      |
[INFO] [stdout]      = note: import resolution is stuck, try simplifying macro imports
[INFO] [stdout] 
[INFO] [stdout] 
[INFO] [stdout] error: cannot determine resolution for the macro `hex`
[INFO] [stdout]     --> src/wasm/mod.rs:1674:74
[INFO] [stdout]      |
[INFO] [stdout] 1674 |         assert_eq!(output, ExecReturnValue { flags: ReturnFlags::REVERT, data: hex!("5566778899").to_vec() });
[INFO] [stdout]      |                                                                                ^^^
[INFO] [stdout]      |
[INFO] [stdout]      = note: import resolution is stuck, try simplifying macro imports
[INFO] [stdout] 
[INFO] [stdout] 
[INFO] [stdout] error: cannot find macro `hex` in this scope
[INFO] [stdout]    --> src/tests.rs:512:28
[INFO] [stdout]     |
[INFO] [stdout] 512 |     assert_eq!(&encoded[..], &hex!("00000300000000000000C8")[..]);
[INFO] [stdout]     |                               ^^^
[INFO] [stdout] 
[INFO] [stdout] 
[INFO] [stdout] error: cannot determine resolution for the macro `assert_matches`
[INFO] [stdout]    --> src/tests.rs:961:4
[INFO] [stdout]     |
[INFO] [stdout] 961 |             assert_matches!(ContractInfoOf::<Test>::get(BOB), Some(ContractInfo::Tombstone(_)));
[INFO] [stdout]     |             ^^^^^^^^^^^^^^
[INFO] [stdout]     |
[INFO] [stdout]     = note: import resolution is stuck, try simplifying macro imports
[INFO] [stdout] 
[INFO] [stdout] 
[INFO] [stdout] error: cannot determine resolution for the macro `assert_matches`
[INFO] [stdout]    --> src/tests.rs:969:4
[INFO] [stdout]     |
[INFO] [stdout] 969 |             assert_matches!(ContractInfoOf::<Test>::get(BOB), Some(ContractInfo::Tombstone(_)));
[INFO] [stdout]     |             ^^^^^^^^^^^^^^
[INFO] [stdout]     |
[INFO] [stdout]     = note: import resolution is stuck, try simplifying macro imports
[INFO] [stdout] 
[INFO] [stdout] 
[INFO] [stdout] error: cannot determine resolution for the macro `assert_matches`
[INFO] [stdout]     --> src/tests.rs:1383:4
[INFO] [stdout]      |
[INFO] [stdout] 1383 |             assert_matches!(
[INFO] [stdout]      |             ^^^^^^^^^^^^^^
[INFO] [stdout]      |
[INFO] [stdout]      = note: import resolution is stuck, try simplifying macro imports
[INFO] [stdout] 
[INFO] [stdout] 
[INFO] [stdout] error: cannot determine resolution for the macro `assert_matches`
[INFO] [stdout]     --> src/tests.rs:1422:4
[INFO] [stdout]      |
[INFO] [stdout] 1422 |             assert_matches!(
[INFO] [stdout]      |             ^^^^^^^^^^^^^^
[INFO] [stdout]      |
[INFO] [stdout]      = note: import resolution is stuck, try simplifying macro imports
[INFO] [stdout] 
[INFO] [stdout] 
[INFO] [stdout] error: cannot determine resolution for the macro `assert_matches`
[INFO] [stdout]     --> src/tests.rs:1441:4
[INFO] [stdout]      |
[INFO] [stdout] 1441 |             assert_matches!(
[INFO] [stdout]      |             ^^^^^^^^^^^^^^
[INFO] [stdout]      |
[INFO] [stdout]      = note: import resolution is stuck, try simplifying macro imports
[INFO] [stdout] 
[INFO] [stdout] 
[INFO] [stdout] error: cannot determine resolution for the macro `assert_matches`
[INFO] [stdout]     --> src/tests.rs:1468:4
[INFO] [stdout]      |
[INFO] [stdout] 1468 |             assert_matches!(
[INFO] [stdout]      |             ^^^^^^^^^^^^^^
[INFO] [stdout]      |
[INFO] [stdout]      = note: import resolution is stuck, try simplifying macro imports
[INFO] [stdout] 
[INFO] [stdout] 
[INFO] [stdout] error: cannot determine resolution for the macro `assert_matches`
[INFO] [stdout]     --> src/tests.rs:1474:4
[INFO] [stdout]      |
[INFO] [stdout] 1474 |             assert_matches!(
[INFO] [stdout]      |             ^^^^^^^^^^^^^^
[INFO] [stdout]      |
[INFO] [stdout]      = note: import resolution is stuck, try simplifying macro imports
[INFO] [stdout] 
[INFO] [stdout] 
[INFO] [stdout] error: cannot determine resolution for the macro `assert_matches`
[INFO] [stdout]     --> src/tests.rs:1520:4
[INFO] [stdout]      |
[INFO] [stdout] 1520 |             assert_matches!(
[INFO] [stdout]      |             ^^^^^^^^^^^^^^
[INFO] [stdout]      |
[INFO] [stdout]      = note: import resolution is stuck, try simplifying macro imports
[INFO] [stdout] 
[INFO] [stdout] 
[INFO] [stdout] error[E0433]: failed to resolve: use of undeclared type or module `wat`
[INFO] [stdout]    --> src/wasm/prepare.rs:432:16
[INFO] [stdout]     |
[INFO] [stdout] 432 |                   let wasm = wat::parse_str($wat).unwrap();
[INFO] [stdout]     |                              ^^^ use of undeclared type or module `wat`
[INFO] [stdout] ...
[INFO] [stdout] 440 |       prepare_test!(no_floats,
[INFO] [stdout]     |  _____-
[INFO] [stdout] 441 | |         r#"
[INFO] [stdout] 442 | |         (module
[INFO] [stdout] 443 | |             (func (export "call")
[INFO] [stdout] ...   |
[INFO] [stdout] 453 | |         Err("gas instrumentation failed")
[INFO] [stdout] 454 | |     );
[INFO] [stdout]     | |______- in this macro invocation
[INFO] [stdout]     |
[INFO] [stdout]     = note: this error originates in a macro (in Nightly builds, run with -Z macro-backtrace for more info)
[INFO] [stdout] 
[INFO] [stdout] 
[INFO] [stdout] error[E0433]: failed to resolve: use of undeclared type or module `wat`
[INFO] [stdout]    --> src/wasm/prepare.rs:432:16
[INFO] [stdout]     |
[INFO] [stdout] 432 |                   let wasm = wat::parse_str($wat).unwrap();
[INFO] [stdout]     |                              ^^^ use of undeclared type or module `wat`
[INFO] [stdout] ...
[INFO] [stdout] 465 |           prepare_test!(memory_with_one_page,
[INFO] [stdout]     |  _________-
[INFO] [stdout] 466 | |             r#"
[INFO] [stdout] 467 | |             (module
[INFO] [stdout] 468 | |                 (import "env" "memory" (memory 1 1))
[INFO] [stdout] ...   |
[INFO] [stdout] 474 | |             Ok(_)
[INFO] [stdout] 475 | |         );
[INFO] [stdout]     | |__________- in this macro invocation
[INFO] [stdout]     |
[INFO] [stdout]     = note: this error originates in a macro (in Nightly builds, run with -Z macro-backtrace for more info)
[INFO] [stdout] 
[INFO] [stdout] 
[INFO] [stdout] error[E0433]: failed to resolve: use of undeclared type or module `wat`
[INFO] [stdout]    --> src/wasm/prepare.rs:432:16
[INFO] [stdout]     |
[INFO] [stdout] 432 |                   let wasm = wat::parse_str($wat).unwrap();
[INFO] [stdout]     |                              ^^^ use of undeclared type or module `wat`
[INFO] [stdout] ...
[INFO] [stdout] 477 |           prepare_test!(internal_memory_declaration,
[INFO] [stdout]     |  _________-
[INFO] [stdout] 478 | |             r#"
[INFO] [stdout] 479 | |             (module
[INFO] [stdout] 480 | |                 (memory 1 1)
[INFO] [stdout] ...   |
[INFO] [stdout] 486 | |             Err("module declares internal memory")
[INFO] [stdout] 487 | |         );
[INFO] [stdout]     | |__________- in this macro invocation
[INFO] [stdout]     |
[INFO] [stdout]     = note: this error originates in a macro (in Nightly builds, run with -Z macro-backtrace for more info)
[INFO] [stdout] 
[INFO] [stdout] 
[INFO] [stdout] error[E0433]: failed to resolve: use of undeclared type or module `wat`
[INFO] [stdout]    --> src/wasm/prepare.rs:432:16
[INFO] [stdout]     |
[INFO] [stdout] 432 |                   let wasm = wat::parse_str($wat).unwrap();
[INFO] [stdout]     |                              ^^^ use of undeclared type or module `wat`
[INFO] [stdout] ...
[INFO] [stdout] 489 |           prepare_test!(no_memory_import,
[INFO] [stdout]     |  _________-
[INFO] [stdout] 490 | |             r#"
[INFO] [stdout] 491 | |             (module
[INFO] [stdout] 492 | |                 ;; no memory imported
[INFO] [stdout] ...   |
[INFO] [stdout] 497 | |             Ok(_)
[INFO] [stdout] 498 | |         );
[INFO] [stdout]     | |__________- in this macro invocation
[INFO] [stdout]     |
[INFO] [stdout]     = note: this error originates in a macro (in Nightly builds, run with -Z macro-backtrace for more info)
[INFO] [stdout] 
[INFO] [stdout] 
[INFO] [stdout] error[E0433]: failed to resolve: use of undeclared type or module `wat`
[INFO] [stdout]    --> src/wasm/prepare.rs:432:16
[INFO] [stdout]     |
[INFO] [stdout] 432 |                   let wasm = wat::parse_str($wat).unwrap();
[INFO] [stdout]     |                              ^^^ use of undeclared type or module `wat`
[INFO] [stdout] ...
[INFO] [stdout] 500 |           prepare_test!(initial_exceeds_maximum,
[INFO] [stdout]     |  _________-
[INFO] [stdout] 501 | |             r#"
[INFO] [stdout] 502 | |             (module
[INFO] [stdout] 503 | |                 (import "env" "memory" (memory 16 1))
[INFO] [stdout] ...   |
[INFO] [stdout] 509 | |             Err("Module is not valid")
[INFO] [stdout] 510 | |         );
[INFO] [stdout]     | |__________- in this macro invocation
[INFO] [stdout]     |
[INFO] [stdout]     = note: this error originates in a macro (in Nightly builds, run with -Z macro-backtrace for more info)
[INFO] [stdout] 
[INFO] [stdout] 
[INFO] [stdout] error[E0433]: failed to resolve: use of undeclared type or module `wat`
[INFO] [stdout]    --> src/wasm/prepare.rs:432:16
[INFO] [stdout]     |
[INFO] [stdout] 432 |                   let wasm = wat::parse_str($wat).unwrap();
[INFO] [stdout]     |                              ^^^ use of undeclared type or module `wat`
[INFO] [stdout] ...
[INFO] [stdout] 512 |           prepare_test!(no_maximum,
[INFO] [stdout]     |  _________-
[INFO] [stdout] 513 | |             r#"
[INFO] [stdout] 514 | |             (module
[INFO] [stdout] 515 | |                 (import "env" "memory" (memory 1))
[INFO] [stdout] ...   |
[INFO] [stdout] 521 | |             Err("Maximum number of pages should be always declared.")
[INFO] [stdout] 522 | |         );
[INFO] [stdout]     | |__________- in this macro invocation
[INFO] [stdout]     |
[INFO] [stdout]     = note: this error originates in a macro (in Nightly builds, run with -Z macro-backtrace for more info)
[INFO] [stdout] 
[INFO] [stdout] 
[INFO] [stdout] error[E0433]: failed to resolve: use of undeclared type or module `wat`
[INFO] [stdout]    --> src/wasm/prepare.rs:432:16
[INFO] [stdout]     |
[INFO] [stdout] 432 |                   let wasm = wat::parse_str($wat).unwrap();
[INFO] [stdout]     |                              ^^^ use of undeclared type or module `wat`
[INFO] [stdout] ...
[INFO] [stdout] 524 |           prepare_test!(requested_maximum_exceeds_configured_maximum,
[INFO] [stdout]     |  _________-
[INFO] [stdout] 525 | |             r#"
[INFO] [stdout] 526 | |             (module
[INFO] [stdout] 527 | |                 (import "env" "memory" (memory 1 17))
[INFO] [stdout] ...   |
[INFO] [stdout] 533 | |             Err("Maximum number of pages should not exceed the configured maximum.")
[INFO] [stdout] 534 | |         );
[INFO] [stdout]     | |__________- in this macro invocation
[INFO] [stdout]     |
[INFO] [stdout]     = note: this error originates in a macro (in Nightly builds, run with -Z macro-backtrace for more info)
[INFO] [stdout] 
[INFO] [stdout] 
[INFO] [stdout] error[E0433]: failed to resolve: use of undeclared type or module `wat`
[INFO] [stdout]    --> src/wasm/prepare.rs:432:16
[INFO] [stdout]     |
[INFO] [stdout] 432 |                   let wasm = wat::parse_str($wat).unwrap();
[INFO] [stdout]     |                              ^^^ use of undeclared type or module `wat`
[INFO] [stdout] ...
[INFO] [stdout] 536 |           prepare_test!(field_name_not_memory,
[INFO] [stdout]     |  _________-
[INFO] [stdout] 537 | |             r#"
[INFO] [stdout] 538 | |             (module
[INFO] [stdout] 539 | |                 (import "env" "forgetit" (memory 1 1))
[INFO] [stdout] ...   |
[INFO] [stdout] 545 | |             Err("Memory import must have the field name 'memory'")
[INFO] [stdout] 546 | |         );
[INFO] [stdout]     | |__________- in this macro invocation
[INFO] [stdout]     |
[INFO] [stdout]     = note: this error originates in a macro (in Nightly builds, run with -Z macro-backtrace for more info)
[INFO] [stdout] 
[INFO] [stdout] 
[INFO] [stdout] error[E0433]: failed to resolve: use of undeclared type or module `wat`
[INFO] [stdout]    --> src/wasm/prepare.rs:432:16
[INFO] [stdout]     |
[INFO] [stdout] 432 |                   let wasm = wat::parse_str($wat).unwrap();
[INFO] [stdout]     |                              ^^^ use of undeclared type or module `wat`
[INFO] [stdout] ...
[INFO] [stdout] 548 |           prepare_test!(multiple_memory_imports,
[INFO] [stdout]     |  _________-
[INFO] [stdout] 549 | |             r#"
[INFO] [stdout] 550 | |             (module
[INFO] [stdout] 551 | |                 (import "env" "memory" (memory 1 1))
[INFO] [stdout] ...   |
[INFO] [stdout] 558 | |             Err("Module is not valid")
[INFO] [stdout] 559 | |         );
[INFO] [stdout]     | |__________- in this macro invocation
[INFO] [stdout]     |
[INFO] [stdout]     = note: this error originates in a macro (in Nightly builds, run with -Z macro-backtrace for more info)
[INFO] [stdout] 
[INFO] [stdout] 
[INFO] [stdout] error[E0433]: failed to resolve: use of undeclared type or module `wat`
[INFO] [stdout]    --> src/wasm/prepare.rs:432:16
[INFO] [stdout]     |
[INFO] [stdout] 432 |                   let wasm = wat::parse_str($wat).unwrap();
[INFO] [stdout]     |                              ^^^ use of undeclared type or module `wat`
[INFO] [stdout] ...
[INFO] [stdout] 561 |           prepare_test!(table_import,
[INFO] [stdout]     |  _________-
[INFO] [stdout] 562 | |             r#"
[INFO] [stdout] 563 | |             (module
[INFO] [stdout] 564 | |                 (import "seal0" "table" (table 1 anyfunc))
[INFO] [stdout] ...   |
[INFO] [stdout] 570 | |             Err("Cannot import tables")
[INFO] [stdout] 571 | |         );
[INFO] [stdout]     | |__________- in this macro invocation
[INFO] [stdout]     |
[INFO] [stdout]     = note: this error originates in a macro (in Nightly builds, run with -Z macro-backtrace for more info)
[INFO] [stdout] 
[INFO] [stdout] 
[INFO] [stdout] error[E0433]: failed to resolve: use of undeclared type or module `wat`
[INFO] [stdout]    --> src/wasm/prepare.rs:432:16
[INFO] [stdout]     |
[INFO] [stdout] 432 |                   let wasm = wat::parse_str($wat).unwrap();
[INFO] [stdout]     |                              ^^^ use of undeclared type or module `wat`
[INFO] [stdout] ...
[INFO] [stdout] 573 |           prepare_test!(global_import,
[INFO] [stdout]     |  _________-
[INFO] [stdout] 574 | |             r#"
[INFO] [stdout] 575 | |             (module
[INFO] [stdout] 576 | |                 (global $g (import "seal0" "global") i32)
[INFO] [stdout] ...   |
[INFO] [stdout] 581 | |             Err("Cannot import globals")
[INFO] [stdout] 582 | |         );
[INFO] [stdout]     | |__________- in this macro invocation
[INFO] [stdout]     |
[INFO] [stdout]     = note: this error originates in a macro (in Nightly builds, run with -Z macro-backtrace for more info)
[INFO] [stdout] 
[INFO] [stdout] 
[INFO] [stdout] error[E0433]: failed to resolve: use of undeclared type or module `wat`
[INFO] [stdout]    --> src/wasm/prepare.rs:432:16
[INFO] [stdout]     |
[INFO] [stdout] 432 |                   let wasm = wat::parse_str($wat).unwrap();
[INFO] [stdout]     |                              ^^^ use of undeclared type or module `wat`
[INFO] [stdout] ...
[INFO] [stdout] 594 |           prepare_test!(no_tables,
[INFO] [stdout]     |  _________-
[INFO] [stdout] 595 | |             r#"
[INFO] [stdout] 596 | |             (module
[INFO] [stdout] 597 | |                 (func (export "call"))
[INFO] [stdout] ...   |
[INFO] [stdout] 601 | |             Ok(_)
[INFO] [stdout] 602 | |         );
[INFO] [stdout]     | |__________- in this macro invocation
[INFO] [stdout]     |
[INFO] [stdout]     = note: this error originates in a macro (in Nightly builds, run with -Z macro-backtrace for more info)
[INFO] [stdout] 
[INFO] [stdout] 
[INFO] [stdout] error[E0433]: failed to resolve: use of undeclared type or module `wat`
[INFO] [stdout]    --> src/wasm/prepare.rs:432:16
[INFO] [stdout]     |
[INFO] [stdout] 432 |                   let wasm = wat::parse_str($wat).unwrap();
[INFO] [stdout]     |                              ^^^ use of undeclared type or module `wat`
[INFO] [stdout] ...
[INFO] [stdout] 604 |           prepare_test!(table_valid_size,
[INFO] [stdout]     |  _________-
[INFO] [stdout] 605 | |             r#"
[INFO] [stdout] 606 | |             (module
[INFO] [stdout] 607 | |                 (table 10000 funcref)
[INFO] [stdout] ...   |
[INFO] [stdout] 613 | |             Ok(_)
[INFO] [stdout] 614 | |         );
[INFO] [stdout]     | |__________- in this macro invocation
[INFO] [stdout]     |
[INFO] [stdout]     = note: this error originates in a macro (in Nightly builds, run with -Z macro-backtrace for more info)
[INFO] [stdout] 
[INFO] [stdout] 
[INFO] [stdout] error[E0433]: failed to resolve: use of undeclared type or module `wat`
[INFO] [stdout]    --> src/wasm/prepare.rs:432:16
[INFO] [stdout]     |
[INFO] [stdout] 432 |                   let wasm = wat::parse_str($wat).unwrap();
[INFO] [stdout]     |                              ^^^ use of undeclared type or module `wat`
[INFO] [stdout] ...
[INFO] [stdout] 616 |           prepare_test!(table_too_big,
[INFO] [stdout]     |  _________-
[INFO] [stdout] 617 | |             r#"
[INFO] [stdout] 618 | |             (module
[INFO] [stdout] 619 | |                 (table 20000 funcref)
[INFO] [stdout] ...   |
[INFO] [stdout] 624 | |             Err("table exceeds maximum size allowed")
[INFO] [stdout] 625 | |         );
[INFO] [stdout]     | |__________- in this macro invocation
[INFO] [stdout]     |
[INFO] [stdout]     = note: this error originates in a macro (in Nightly builds, run with -Z macro-backtrace for more info)
[INFO] [stdout] 
[INFO] [stdout] 
[INFO] [stdout] error[E0433]: failed to resolve: use of undeclared type or module `wat`
[INFO] [stdout]    --> src/wasm/prepare.rs:432:16
[INFO] [stdout]     |
[INFO] [stdout] 432 |                   let wasm = wat::parse_str($wat).unwrap();
[INFO] [stdout]     |                              ^^^ use of undeclared type or module `wat`
[INFO] [stdout] ...
[INFO] [stdout] 631 |           prepare_test!(can_import_legit_function,
[INFO] [stdout]     |  _________-
[INFO] [stdout] 632 | |             r#"
[INFO] [stdout] 633 | |             (module
[INFO] [stdout] 634 | |                 (import "seal0" "nop" (func (param i64)))
[INFO] [stdout] ...   |
[INFO] [stdout] 640 | |             Ok(_)
[INFO] [stdout] 641 | |         );
[INFO] [stdout]     | |__________- in this macro invocation
[INFO] [stdout]     |
[INFO] [stdout]     = note: this error originates in a macro (in Nightly builds, run with -Z macro-backtrace for more info)
[INFO] [stdout] 
[INFO] [stdout] 
[INFO] [stdout] error[E0433]: failed to resolve: use of undeclared type or module `wat`
[INFO] [stdout]    --> src/wasm/prepare.rs:432:16
[INFO] [stdout]     |
[INFO] [stdout] 432 |                   let wasm = wat::parse_str($wat).unwrap();
[INFO] [stdout]     |                              ^^^ use of undeclared type or module `wat`
[INFO] [stdout] ...
[INFO] [stdout] 645 |           prepare_test!(can_not_import_gas_function,
[INFO] [stdout]     |  _________-
[INFO] [stdout] 646 | |             r#"
[INFO] [stdout] 647 | |             (module
[INFO] [stdout] 648 | |                 (import "seal0" "gas" (func (param i32)))
[INFO] [stdout] ...   |
[INFO] [stdout] 654 | |             Err("module imports a non-existent function")
[INFO] [stdout] 655 | |         );
[INFO] [stdout]     | |__________- in this macro invocation
[INFO] [stdout]     |
[INFO] [stdout]     = note: this error originates in a macro (in Nightly builds, run with -Z macro-backtrace for more info)
[INFO] [stdout] 
[INFO] [stdout] 
[INFO] [stdout] error[E0433]: failed to resolve: use of undeclared type or module `wat`
[INFO] [stdout]    --> src/wasm/prepare.rs:432:16
[INFO] [stdout]     |
[INFO] [stdout] 432 |                   let wasm = wat::parse_str($wat).unwrap();
[INFO] [stdout]     |                              ^^^ use of undeclared type or module `wat`
[INFO] [stdout] ...
[INFO] [stdout] 658 |           prepare_test!(memory_not_in_seal0,
[INFO] [stdout]     |  _________-
[INFO] [stdout] 659 | |             r#"
[INFO] [stdout] 660 | |             (module
[INFO] [stdout] 661 | |                 (import "seal0" "memory" (memory 1 1))
[INFO] [stdout] ...   |
[INFO] [stdout] 667 | |             Err("Invalid module for imported memory")
[INFO] [stdout] 668 | |         );
[INFO] [stdout]     | |__________- in this macro invocation
[INFO] [stdout]     |
[INFO] [stdout]     = note: this error originates in a macro (in Nightly builds, run with -Z macro-backtrace for more info)
[INFO] [stdout] 
[INFO] [stdout] 
[INFO] [stdout] error[E0433]: failed to resolve: use of undeclared type or module `wat`
[INFO] [stdout]    --> src/wasm/prepare.rs:432:16
[INFO] [stdout]     |
[INFO] [stdout] 432 |                   let wasm = wat::parse_str($wat).unwrap();
[INFO] [stdout]     |                              ^^^ use of undeclared type or module `wat`
[INFO] [stdout] ...
[INFO] [stdout] 671 |           prepare_test!(memory_not_in_arbitrary_module,
[INFO] [stdout]     |  _________-
[INFO] [stdout] 672 | |             r#"
[INFO] [stdout] 673 | |             (module
[INFO] [stdout] 674 | |                 (import "any_module" "memory" (memory 1 1))
[INFO] [stdout] ...   |
[INFO] [stdout] 680 | |             Err("Invalid module for imported memory")
[INFO] [stdout] 681 | |         );
[INFO] [stdout]     | |__________- in this macro invocation
[INFO] [stdout]     |
[INFO] [stdout]     = note: this error originates in a macro (in Nightly builds, run with -Z macro-backtrace for more info)
[INFO] [stdout] 
[INFO] [stdout] 
[INFO] [stdout] error[E0433]: failed to resolve: use of undeclared type or module `wat`
[INFO] [stdout]    --> src/wasm/prepare.rs:432:16
[INFO] [stdout]     |
[INFO] [stdout] 432 |                   let wasm = wat::parse_str($wat).unwrap();
[INFO] [stdout]     |                              ^^^ use of undeclared type or module `wat`
[INFO] [stdout] ...
[INFO] [stdout] 684 |           prepare_test!(function_not_in_env,
[INFO] [stdout]     |  _________-
[INFO] [stdout] 685 | |             r#"
[INFO] [stdout] 686 | |             (module
[INFO] [stdout] 687 | |                 (import "env" "nop" (func (param i64)))
[INFO] [stdout] ...   |
[INFO] [stdout] 693 | |             Err("Invalid module for imported function")
[INFO] [stdout] 694 | |         );
[INFO] [stdout]     | |__________- in this macro invocation
[INFO] [stdout]     |
[INFO] [stdout]     = note: this error originates in a macro (in Nightly builds, run with -Z macro-backtrace for more info)
[INFO] [stdout] 
[INFO] [stdout] 
[INFO] [stdout] error[E0433]: failed to resolve: use of undeclared type or module `wat`
[INFO] [stdout]    --> src/wasm/prepare.rs:432:16
[INFO] [stdout]     |
[INFO] [stdout] 432 |                   let wasm = wat::parse_str($wat).unwrap();
[INFO] [stdout]     |                              ^^^ use of undeclared type or module `wat`
[INFO] [stdout] ...
[INFO] [stdout] 697 |           prepare_test!(function_not_arbitrary_module,
[INFO] [stdout]     |  _________-
[INFO] [stdout] 698 | |             r#"
[INFO] [stdout] 699 | |             (module
[INFO] [stdout] 700 | |                 (import "any_module" "nop" (func (param i64)))
[INFO] [stdout] ...   |
[INFO] [stdout] 706 | |             Err("Invalid module for imported function")
[INFO] [stdout] 707 | |         );
[INFO] [stdout]     | |__________- in this macro invocation
[INFO] [stdout]     |
[INFO] [stdout]     = note: this error originates in a macro (in Nightly builds, run with -Z macro-backtrace for more info)
[INFO] [stdout] 
[INFO] [stdout] 
[INFO] [stdout] error[E0433]: failed to resolve: use of undeclared type or module `wat`
[INFO] [stdout]    --> src/wasm/prepare.rs:432:16
[INFO] [stdout]     |
[INFO] [stdout] 432 |                   let wasm = wat::parse_str($wat).unwrap();
[INFO] [stdout]     |                              ^^^ use of undeclared type or module `wat`
[INFO] [stdout] ...
[INFO] [stdout] 710 |           prepare_test!(wrong_signature,
[INFO] [stdout]     |  _________-
[INFO] [stdout] 711 | |             r#"
[INFO] [stdout] 712 | |             (module
[INFO] [stdout] 713 | |                 (import "seal0" "gas" (func (param i64)))
[INFO] [stdout] ...   |
[INFO] [stdout] 719 | |             Err("module imports a non-existent function")
[INFO] [stdout] 720 | |         );
[INFO] [stdout]     | |__________- in this macro invocation
[INFO] [stdout]     |
[INFO] [stdout]     = note: this error originates in a macro (in Nightly builds, run with -Z macro-backtrace for more info)
[INFO] [stdout] 
[INFO] [stdout] 
[INFO] [stdout] error[E0433]: failed to resolve: use of undeclared type or module `wat`
[INFO] [stdout]    --> src/wasm/prepare.rs:432:16
[INFO] [stdout]     |
[INFO] [stdout] 432 |                   let wasm = wat::parse_str($wat).unwrap();
[INFO] [stdout]     |                              ^^^ use of undeclared type or module `wat`
[INFO] [stdout] ...
[INFO] [stdout] 722 |           prepare_test!(unknown_func_name,
[INFO] [stdout]     |  _________-
[INFO] [stdout] 723 | |             r#"
[INFO] [stdout] 724 | |             (module
[INFO] [stdout] 725 | |                 (import "seal0" "unknown_func" (func))
[INFO] [stdout] ...   |
[INFO] [stdout] 731 | |             Err("module imports a non-existent function")
[INFO] [stdout] 732 | |         );
[INFO] [stdout]     | |__________- in this macro invocation
[INFO] [stdout]     |
[INFO] [stdout]     = note: this error originates in a macro (in Nightly builds, run with -Z macro-backtrace for more info)
[INFO] [stdout] 
[INFO] [stdout] 
[INFO] [stdout] error[E0433]: failed to resolve: use of undeclared type or module `wat`
[INFO] [stdout]    --> src/wasm/prepare.rs:432:16
[INFO] [stdout]     |
[INFO] [stdout] 432 |                   let wasm = wat::parse_str($wat).unwrap();
[INFO] [stdout]     |                              ^^^ use of undeclared type or module `wat`
[INFO] [stdout] ...
[INFO] [stdout] 734 |           prepare_test!(seal_println_debug_disabled,
[INFO] [stdout]     |  _________-
[INFO] [stdout] 735 | |             r#"
[INFO] [stdout] 736 | |             (module
[INFO] [stdout] 737 | |                 (import "seal0" "seal_println" (func $seal_println (param i32 i32)))
[INFO] [stdout] ...   |
[INFO] [stdout] 743 | |             Err("module imports `seal_println` but debug features disabled")
[INFO] [stdout] 744 | |         );
[INFO] [stdout]     | |__________- in this macro invocation
[INFO] [stdout]     |
[INFO] [stdout]     = note: this error originates in a macro (in Nightly builds, run with -Z macro-backtrace for more info)
[INFO] [stdout] 
[INFO] [stdout] 
[INFO] [stdout] error[E0433]: failed to resolve: use of undeclared type or module `wat`
[INFO] [stdout]    --> src/wasm/prepare.rs:748:15
[INFO] [stdout]     |
[INFO] [stdout] 748 |             let wasm = wat::parse_str(
[INFO] [stdout]     |                        ^^^ use of undeclared type or module `wat`
[INFO] [stdout] 
[INFO] [stdout] 
[INFO] [stdout] error[E0433]: failed to resolve: use of undeclared type or module `wat`
[INFO] [stdout]    --> src/wasm/prepare.rs:432:16
[INFO] [stdout]     |
[INFO] [stdout] 432 |                   let wasm = wat::parse_str($wat).unwrap();
[INFO] [stdout]     |                              ^^^ use of undeclared type or module `wat`
[INFO] [stdout] ...
[INFO] [stdout] 768 |           prepare_test!(it_works,
[INFO] [stdout]     |  _________-
[INFO] [stdout] 769 | |             r#"
[INFO] [stdout] 770 | |             (module
[INFO] [stdout] 771 | |                 (func (export "call"))
[INFO] [stdout] ...   |
[INFO] [stdout] 775 | |             Ok(_)
[INFO] [stdout] 776 | |         );
[INFO] [stdout]     | |__________- in this macro invocation
[INFO] [stdout]     |
[INFO] [stdout]     = note: this error originates in a macro (in Nightly builds, run with -Z macro-backtrace for more info)
[INFO] [stdout] 
[INFO] [stdout] 
[INFO] [stdout] error[E0433]: failed to resolve: use of undeclared type or module `wat`
[INFO] [stdout]    --> src/wasm/prepare.rs:432:16
[INFO] [stdout]     |
[INFO] [stdout] 432 |                   let wasm = wat::parse_str($wat).unwrap();
[INFO] [stdout]     |                              ^^^ use of undeclared type or module `wat`
[INFO] [stdout] ...
[INFO] [stdout] 778 |           prepare_test!(omit_deploy,
[INFO] [stdout]     |  _________-
[INFO] [stdout] 779 | |             r#"
[INFO] [stdout] 780 | |             (module
[INFO] [stdout] 781 | |                 (func (export "call"))
[INFO] [stdout] ...   |
[INFO] [stdout] 784 | |             Err("deploy function isn't exported")
[INFO] [stdout] 785 | |         );
[INFO] [stdout]     | |__________- in this macro invocation
[INFO] [stdout]     |
[INFO] [stdout]     = note: this error originates in a macro (in Nightly builds, run with -Z macro-backtrace for more info)
[INFO] [stdout] 
[INFO] [stdout] 
[INFO] [stdout] error[E0433]: failed to resolve: use of undeclared type or module `wat`
[INFO] [stdout]    --> src/wasm/prepare.rs:432:16
[INFO] [stdout]     |
[INFO] [stdout] 432 |                   let wasm = wat::parse_str($wat).unwrap();
[INFO] [stdout]     |                              ^^^ use of undeclared type or module `wat`
[INFO] [stdout] ...
[INFO] [stdout] 787 |           prepare_test!(omit_call,
[INFO] [stdout]     |  _________-
[INFO] [stdout] 788 | |             r#"
[INFO] [stdout] 789 | |             (module
[INFO] [stdout] 790 | |                 (func (export "deploy"))
[INFO] [stdout] ...   |
[INFO] [stdout] 793 | |             Err("call function isn't exported")
[INFO] [stdout] 794 | |         );
[INFO] [stdout]     | |__________- in this macro invocation
[INFO] [stdout]     |
[INFO] [stdout]     = note: this error originates in a macro (in Nightly builds, run with -Z macro-backtrace for more info)
[INFO] [stdout] 
[INFO] [stdout] 
[INFO] [stdout] error[E0433]: failed to resolve: use of undeclared type or module `wat`
[INFO] [stdout]    --> src/wasm/prepare.rs:432:16
[INFO] [stdout]     |
[INFO] [stdout] 432 |                   let wasm = wat::parse_str($wat).unwrap();
[INFO] [stdout]     |                              ^^^ use of undeclared type or module `wat`
[INFO] [stdout] ...
[INFO] [stdout] 797 |           prepare_test!(try_sneak_export_as_entrypoint,
[INFO] [stdout]     |  _________-
[INFO] [stdout] 798 | |             r#"
[INFO] [stdout] 799 | |             (module
[INFO] [stdout] 800 | |                 (import "seal0" "panic" (func))
[INFO] [stdout] ...   |
[INFO] [stdout] 807 | |             Err("entry point points to an imported function")
[INFO] [stdout] 808 | |         );
[INFO] [stdout]     | |__________- in this macro invocation
[INFO] [stdout]     |
[INFO] [stdout]     = note: this error originates in a macro (in Nightly builds, run with -Z macro-backtrace for more info)
[INFO] [stdout] 
[INFO] [stdout] 
[INFO] [stdout] error[E0433]: failed to resolve: use of undeclared type or module `wat`
[INFO] [stdout]    --> src/wasm/prepare.rs:432:16
[INFO] [stdout]     |
[INFO] [stdout] 432 |                   let wasm = wat::parse_str($wat).unwrap();
[INFO] [stdout]     |                              ^^^ use of undeclared type or module `wat`
[INFO] [stdout] ...
[INFO] [stdout] 811 |           prepare_test!(try_sneak_export_as_global,
[INFO] [stdout]     |  _________-
[INFO] [stdout] 812 | |             r#"
[INFO] [stdout] 813 | |             (module
[INFO] [stdout] 814 | |                 (func (export "deploy"))
[INFO] [stdout] ...   |
[INFO] [stdout] 818 | |             Err("expected a function")
[INFO] [stdout] 819 | |         );
[INFO] [stdout]     | |__________- in this macro invocation
[INFO] [stdout]     |
[INFO] [stdout]     = note: this error originates in a macro (in Nightly builds, run with -Z macro-backtrace for more info)
[INFO] [stdout] 
[INFO] [stdout] 
[INFO] [stdout] error[E0433]: failed to resolve: use of undeclared type or module `wat`
[INFO] [stdout]    --> src/wasm/prepare.rs:432:16
[INFO] [stdout]     |
[INFO] [stdout] 432 |                   let wasm = wat::parse_str($wat).unwrap();
[INFO] [stdout]     |                              ^^^ use of undeclared type or module `wat`
[INFO] [stdout] ...
[INFO] [stdout] 821 |           prepare_test!(wrong_signature,
[INFO] [stdout]     |  _________-
[INFO] [stdout] 822 | |             r#"
[INFO] [stdout] 823 | |             (module
[INFO] [stdout] 824 | |                 (func (export "deploy"))
[INFO] [stdout] ...   |
[INFO] [stdout] 828 | |             Err("entry point has wrong signature")
[INFO] [stdout] 829 | |         );
[INFO] [stdout]     | |__________- in this macro invocation
[INFO] [stdout]     |
[INFO] [stdout]     = note: this error originates in a macro (in Nightly builds, run with -Z macro-backtrace for more info)
[INFO] [stdout] 
[INFO] [stdout] 
[INFO] [stdout] error[E0433]: failed to resolve: use of undeclared type or module `wat`
[INFO] [stdout]    --> src/wasm/prepare.rs:432:16
[INFO] [stdout]     |
[INFO] [stdout] 432 |                   let wasm = wat::parse_str($wat).unwrap();
[INFO] [stdout]     |                              ^^^ use of undeclared type or module `wat`
[INFO] [stdout] ...
[INFO] [stdout] 831 |           prepare_test!(unknown_exports,
[INFO] [stdout]     |  _________-
[INFO] [stdout] 832 | |             r#"
[INFO] [stdout] 833 | |             (module
[INFO] [stdout] 834 | |                 (func (export "call"))
[INFO] [stdout] ...   |
[INFO] [stdout] 839 | |             Err("unknown export: expecting only deploy and call functions")
[INFO] [stdout] 840 | |         );
[INFO] [stdout]     | |__________- in this macro invocation
[INFO] [stdout]     |
[INFO] [stdout]     = note: this error originates in a macro (in Nightly builds, run with -Z macro-backtrace for more info)
[INFO] [stdout] 
[INFO] [stdout] 
[INFO] [stdout] error[E0433]: failed to resolve: use of undeclared type or module `wat`
[INFO] [stdout]    --> src/wasm/prepare.rs:432:16
[INFO] [stdout]     |
[INFO] [stdout] 432 |                   let wasm = wat::parse_str($wat).unwrap();
[INFO] [stdout]     |                              ^^^ use of undeclared type or module `wat`
[INFO] [stdout] ...
[INFO] [stdout] 842 |           prepare_test!(global_float,
[INFO] [stdout]     |  _________-
[INFO] [stdout] 843 | |             r#"
[INFO] [stdout] 844 | |             (module
[INFO] [stdout] 845 | |                 (global $x f32 (f32.const 0))
[INFO] [stdout] ...   |
[INFO] [stdout] 850 | |             Err("use of floating point type in globals is forbidden")
[INFO] [stdout] 851 | |         );
[INFO] [stdout]     | |__________- in this macro invocation
[INFO] [stdout]     |
[INFO] [stdout]     = note: this error originates in a macro (in Nightly builds, run with -Z macro-backtrace for more info)
[INFO] [stdout] 
[INFO] [stdout] 
[INFO] [stdout] error[E0433]: failed to resolve: use of undeclared type or module `wat`
[INFO] [stdout]    --> src/wasm/prepare.rs:432:16
[INFO] [stdout]     |
[INFO] [stdout] 432 |                   let wasm = wat::parse_str($wat).unwrap();
[INFO] [stdout]     |                              ^^^ use of undeclared type or module `wat`
[INFO] [stdout] ...
[INFO] [stdout] 853 |           prepare_test!(local_float,
[INFO] [stdout]     |  _________-
[INFO] [stdout] 854 | |             r#"
[INFO] [stdout] 855 | |             (module
[INFO] [stdout] 856 | |                 (func $foo (local f32))
[INFO] [stdout] ...   |
[INFO] [stdout] 861 | |             Err("use of floating point type in locals is forbidden")
[INFO] [stdout] 862 | |         );
[INFO] [stdout]     | |__________- in this macro invocation
[INFO] [stdout]     |
[INFO] [stdout]     = note: this error originates in a macro (in Nightly builds, run with -Z macro-backtrace for more info)
[INFO] [stdout] 
[INFO] [stdout] 
[INFO] [stdout] error[E0433]: failed to resolve: use of undeclared type or module `wat`
[INFO] [stdout]    --> src/wasm/prepare.rs:432:16
[INFO] [stdout]     |
[INFO] [stdout] 432 |                   let wasm = wat::parse_str($wat).unwrap();
[INFO] [stdout]     |                              ^^^ use of undeclared type or module `wat`
[INFO] [stdout] ...
[INFO] [stdout] 864 |           prepare_test!(param_float,
[INFO] [stdout]     |  _________-
[INFO] [stdout] 865 | |             r#"
[INFO] [stdout] 866 | |             (module
[INFO] [stdout] 867 | |                 (func $foo (param f32))
[INFO] [stdout] ...   |
[INFO] [stdout] 872 | |             Err("use of floating point type in function types is forbidden")
[INFO] [stdout] 873 | |         );
[INFO] [stdout]     | |__________- in this macro invocation
[INFO] [stdout]     |
[INFO] [stdout]     = note: this error originates in a macro (in Nightly builds, run with -Z macro-backtrace for more info)
[INFO] [stdout] 
[INFO] [stdout] 
[INFO] [stdout] error[E0433]: failed to resolve: use of undeclared type or module `wat`
[INFO] [stdout]    --> src/wasm/prepare.rs:432:16
[INFO] [stdout]     |
[INFO] [stdout] 432 |                   let wasm = wat::parse_str($wat).unwrap();
[INFO] [stdout]     |                              ^^^ use of undeclared type or module `wat`
[INFO] [stdout] ...
[INFO] [stdout] 875 |           prepare_test!(result_float,
[INFO] [stdout]     |  _________-
[INFO] [stdout] 876 | |             r#"
[INFO] [stdout] 877 | |             (module
[INFO] [stdout] 878 | |                 (func $foo (result f32) (f32.const 0))
[INFO] [stdout] ...   |
[INFO] [stdout] 883 | |             Err("use of floating point type in function types is forbidden")
[INFO] [stdout] 884 | |         );
[INFO] [stdout]     | |__________- in this macro invocation
[INFO] [stdout]     |
[INFO] [stdout]     = note: this error originates in a macro (in Nightly builds, run with -Z macro-backtrace for more info)
[INFO] [stdout] 
[INFO] [stdout] 
[INFO] [stdout] error[E0433]: failed to resolve: use of undeclared type or module `wat`
[INFO] [stdout]    --> src/wasm/mod.rs:461:14
[INFO] [stdout]     |
[INFO] [stdout] 461 |         let wasm = wat::parse_str(wat).unwrap();
[INFO] [stdout]     |                    ^^^ use of undeclared type or module `wat`
[INFO] [stdout] 
[INFO] [stdout] 
[INFO] [stdout] error[E0433]: failed to resolve: use of undeclared type or module `pallet_balances`
[INFO] [stdout]    --> src/tests.rs:141:21
[INFO] [stdout]     |
[INFO] [stdout] 141 |     type AccountData = pallet_balances::AccountData<u64>;
[INFO] [stdout]     |                        ^^^^^^^^^^^^^^^ use of undeclared type or module `pallet_balances`
[INFO] [stdout] 
[INFO] [stdout] 
[INFO] [stdout] error[E0433]: failed to resolve: use of undeclared type or module `pallet_balances`
[INFO] [stdout]    --> src/tests.rs:146:6
[INFO] [stdout]     |
[INFO] [stdout] 146 | impl pallet_balances::Trait for Test {
[INFO] [stdout]     |      ^^^^^^^^^^^^^^^ use of undeclared type or module `pallet_balances`
[INFO] [stdout] 
[INFO] [stdout] 
[INFO] [stdout] error[E0433]: failed to resolve: use of undeclared type or module `pallet_timestamp`
[INFO] [stdout]    --> src/tests.rs:157:6
[INFO] [stdout]     |
[INFO] [stdout] 157 | impl pallet_timestamp::Trait for Test {
[INFO] [stdout]     |      ^^^^^^^^^^^^^^^^ use of undeclared type or module `pallet_timestamp`
[INFO] [stdout] 
[INFO] [stdout] 
[INFO] [stdout] error[E0433]: failed to resolve: use of undeclared type or module `pallet_balances`
[INFO] [stdout]    --> src/tests.rs:203:17
[INFO] [stdout]     |
[INFO] [stdout] 203 | type Balances = pallet_balances::Module<Test>;
[INFO] [stdout]     |                 ^^^^^^^^^^^^^^^ use of undeclared type or module `pallet_balances`
[INFO] [stdout] 
[INFO] [stdout] 
[INFO] [stdout] error[E0433]: failed to resolve: use of undeclared type or module `pallet_timestamp`
[INFO] [stdout]    --> src/tests.rs:204:18
[INFO] [stdout]     |
[INFO] [stdout] 204 | type Timestamp = pallet_timestamp::Module<Test>;
[INFO] [stdout]     |                  ^^^^^^^^^^^^^^^^ use of undeclared type or module `pallet_timestamp`
[INFO] [stdout] 
[INFO] [stdout] 
[INFO] [stdout] error[E0433]: failed to resolve: use of undeclared type or module `pallet_randomness_collective_flip`
[INFO] [stdout]    --> src/tests.rs:207:19
[INFO] [stdout]     |
[INFO] [stdout] 207 | type Randomness = pallet_randomness_collective_flip::Module<Test>;
[INFO] [stdout]     |                   ^^^^^^^^^^^^^^^^^^^^^^^^^^^^^^^^^ use of undeclared type or module `pallet_randomness_collective_flip`
[INFO] [stdout] 
[INFO] [stdout] 
[INFO] [stdout] error[E0433]: failed to resolve: use of undeclared type or module `pallet_balances`
[INFO] [stdout]    --> src/tests.rs:259:3
[INFO] [stdout]     |
[INFO] [stdout] 259 |         pallet_balances::GenesisConfig::<Test> {
[INFO] [stdout]     |         ^^^^^^^^^^^^^^^ use of undeclared type or module `pallet_balances`
[INFO] [stdout] 
[INFO] [stdout] 
[INFO] [stdout] error[E0433]: failed to resolve: use of undeclared type or module `wat`
[INFO] [stdout]    --> src/tests.rs:280:6
[INFO] [stdout]     |
[INFO] [stdout] 280 | ) -> wat::Result<(Vec<u8>, <T::Hashing as Hash>::Output)>
[INFO] [stdout]     |      ^^^ use of undeclared type or module `wat`
[INFO] [stdout] 
[INFO] [stdout] 
[INFO] [stdout] error[E0433]: failed to resolve: use of undeclared type or module `wat`
[INFO] [stdout]    --> src/tests.rs:285:20
[INFO] [stdout]     |
[INFO] [stdout] 285 |     let wasm_binary = wat::parse_file(fixture_path)?;
[INFO] [stdout]     |                       ^^^ use of undeclared type or module `wat`
[INFO] [stdout] 
[INFO] [stdout] 
[INFO] [stdout] error[E0433]: failed to resolve: use of undeclared type or module `pallet_balances`
[INFO] [stdout]    --> src/tests.rs:562:14
[INFO] [stdout]     |
[INFO] [stdout] 562 |                 <Test as pallet_balances::Trait>::Balance::from(1_000u32).encode() // rent allowance
[INFO] [stdout]     |                          ^^^^^^^^^^^^^^^ use of undeclared type or module `pallet_balances`
[INFO] [stdout] 
[INFO] [stdout] 
[INFO] [stdout] error[E0433]: failed to resolve: use of undeclared type or module `pallet_balances`
[INFO] [stdout]    --> src/tests.rs:692:14
[INFO] [stdout]     |
[INFO] [stdout] 692 |                 <Test as pallet_balances::Trait>::Balance::from(1_000u32).encode() // rent allowance
[INFO] [stdout]     |                          ^^^^^^^^^^^^^^^ use of undeclared type or module `pallet_balances`
[INFO] [stdout] 
[INFO] [stdout] 
[INFO] [stdout] error[E0433]: failed to resolve: use of undeclared type or module `pallet_balances`
[INFO] [stdout]    --> src/tests.rs:789:14
[INFO] [stdout]     |
[INFO] [stdout] 789 |                 <Test as pallet_balances::Trait>::Balance::from(1_000u32).encode() // rent allowance
[INFO] [stdout]     |                          ^^^^^^^^^^^^^^^ use of undeclared type or module `pallet_balances`
[INFO] [stdout] 
[INFO] [stdout] 
[INFO] [stdout] error[E0433]: failed to resolve: use of undeclared type or module `pallet_balances`
[INFO] [stdout]    --> src/tests.rs:826:14
[INFO] [stdout]     |
[INFO] [stdout] 826 |                 <Test as pallet_balances::Trait>::Balance::from(1_000u32).encode() // rent allowance
[INFO] [stdout]     |                          ^^^^^^^^^^^^^^^ use of undeclared type or module `pallet_balances`
[INFO] [stdout] 
[INFO] [stdout] 
[INFO] [stdout] error[E0433]: failed to resolve: use of undeclared type or module `pallet_balances`
[INFO] [stdout]    --> src/tests.rs:866:14
[INFO] [stdout]     |
[INFO] [stdout] 866 |                 <Test as pallet_balances::Trait>::Balance::from(100u32).encode() // rent allowance
[INFO] [stdout]     |                          ^^^^^^^^^^^^^^^ use of undeclared type or module `pallet_balances`
[INFO] [stdout] 
[INFO] [stdout] 
[INFO] [stdout] error[E0433]: failed to resolve: use of undeclared type or module `pallet_balances`
[INFO] [stdout]    --> src/tests.rs:920:14
[INFO] [stdout]     |
[INFO] [stdout] 920 |                 <Test as pallet_balances::Trait>::Balance::from(1_000u32).encode() // rent allowance
[INFO] [stdout]     |                          ^^^^^^^^^^^^^^^ use of undeclared type or module `pallet_balances`
[INFO] [stdout] 
[INFO] [stdout] 
[INFO] [stdout] error[E0433]: failed to resolve: use of undeclared type or module `pallet_balances`
[INFO] [stdout]    --> src/tests.rs:990:14
[INFO] [stdout]     |
[INFO] [stdout] 990 |                 <Test as pallet_balances::Trait>::Balance::from(1_000u32).encode() // rent allowance
[INFO] [stdout]     |                          ^^^^^^^^^^^^^^^ use of undeclared type or module `pallet_balances`
[INFO] [stdout] 
[INFO] [stdout] 
[INFO] [stdout] error[E0433]: failed to resolve: use of undeclared type or module `pallet_balances`
[INFO] [stdout]     --> src/tests.rs:1120:14
[INFO] [stdout]      |
[INFO] [stdout] 1120 |                 <Test as pallet_balances::Trait>::Balance::from(0u32).encode()
[INFO] [stdout]      |                          ^^^^^^^^^^^^^^^ use of undeclared type or module `pallet_balances`
[INFO] [stdout] 
[INFO] [stdout] 
[INFO] [stdout] error[E0433]: failed to resolve: use of undeclared type or module `pallet_balances`
[INFO] [stdout]     --> src/tests.rs:1166:14
[INFO] [stdout]      |
[INFO] [stdout] 1166 |                 <Test as pallet_balances::Trait>::Balance::from(0u32).encode()
[INFO] [stdout]      |                          ^^^^^^^^^^^^^^^ use of undeclared type or module `pallet_balances`
[INFO] [stdout] 
[INFO] [stdout] 
[INFO] [stdout] error[E0433]: failed to resolve: use of undeclared type or module `pallet_balances`
[INFO] [stdout]    --> src/tests.rs:511:64
[INFO] [stdout]     |
[INFO] [stdout] 511 |     let encoded = Encode::encode(&Call::Balances(pallet_balances::Call::transfer(CHARLIE, 50)));
[INFO] [stdout]     |                                                                   ^^^^ not found in `pallet_balances`
[INFO] [stdout]     |
[INFO] [stdout] help: consider importing one of these items
[INFO] [stdout]     |
[INFO] [stdout] 17  | use crate::Call;
[INFO] [stdout]     |
[INFO] [stdout] 17  | use crate::tests::Call;
[INFO] [stdout]     |
[INFO] [stdout] 17  | use crate::tests::system::Call;
[INFO] [stdout]     |
[INFO] [stdout] 17  | use frame_system::Call;
[INFO] [stdout]     |
[INFO] [stdout] 
[INFO] [stdout] 
[INFO] [stdout] error[E0433]: failed to resolve: use of undeclared type or module `pallet_balances`
[INFO] [stdout]    --> src/tests.rs:533:50
[INFO] [stdout]     |
[INFO] [stdout] 533 |                     event: MetaEvent::balances(pallet_balances::RawEvent::Endowed(1, 1_000_000)),
[INFO] [stdout]     |                                                                 ^^^^^^^^ not found in `pallet_balances`
[INFO] [stdout]     |
[INFO] [stdout] help: consider importing one of these items
[INFO] [stdout]     |
[INFO] [stdout] 17  | use crate::RawEvent;
[INFO] [stdout]     |
[INFO] [stdout] 17  | use crate::tests::system::RawEvent;
[INFO] [stdout]     |
[INFO] [stdout] 17  | use frame_system::RawEvent;
[INFO] [stdout]     |
[INFO] [stdout] 
[INFO] [stdout] 
[INFO] [stdout] error[E0433]: failed to resolve: use of undeclared type or module `pallet_balances`
[INFO] [stdout]     --> src/tests.rs:1098:50
[INFO] [stdout]      |
[INFO] [stdout] 1098 |                     event: MetaEvent::balances(pallet_balances::RawEvent::Endowed(1, 1_000_000)),
[INFO] [stdout]      |                                                                 ^^^^^^^^ not found in `pallet_balances`
[INFO] [stdout]      |
[INFO] [stdout] help: consider importing one of these items
[INFO] [stdout]      |
[INFO] [stdout] 17   | use crate::RawEvent;
[INFO] [stdout]      |
[INFO] [stdout] 17   | use crate::tests::system::RawEvent;
[INFO] [stdout]      |
[INFO] [stdout] 17   | use frame_system::RawEvent;
[INFO] [stdout]      |
[INFO] [stdout] 
[INFO] [stdout] 
[INFO] [stdout] warning: unused imports: `ErrorOrigin`, `ExecError`
[INFO] [stdout]    --> src/exec.rs:869:65
[INFO] [stdout]     |
[INFO] [stdout] 869 |         RawEvent, TransferFeeKind, TransferFeeToken, Vm, ReturnFlags, ExecError, ErrorOrigin
[INFO] [stdout]     |                                                                       ^^^^^^^^^  ^^^^^^^^^^^
[INFO] [stdout]     |
[INFO] [stdout]     = note: `#[warn(unused_imports)]` on by default
[INFO] [stdout] 
[INFO] [stdout] 
[INFO] [stdout] warning: unused import: `sp_runtime::DispatchError`
[INFO] [stdout]    --> src/exec.rs:878:6
[INFO] [stdout]     |
[INFO] [stdout] 878 |     use sp_runtime::DispatchError;
[INFO] [stdout]     |         ^^^^^^^^^^^^^^^^^^^^^^^^^
[INFO] [stdout] 
[INFO] [stdout] 
[INFO] [stdout] error: aborting due to 135 previous errors; 2 warnings emitted
[INFO] [stdout] 
[INFO] [stdout] 
[INFO] [stdout] Some errors have detailed explanations: E0432, E0433.
[INFO] [stdout] 
[INFO] [stdout] For more information about an error, try `rustc --explain E0432`.
[INFO] [stdout] 
[INFO] [stderr] error: could not compile `pallet-contracts`.
[INFO] [stderr] 
[INFO] [stderr] To learn more, run the command again with --verbose.
[INFO] [stderr] warning: build failed, waiting for other jobs to finish...
[INFO] [stderr] error: build failed
[INFO] running `Command { std: "docker" "inspect" "9bbc3c28a45e5554ed914446d12ae71dfed6062f52511df2d159cf82e102c8e9", kill_on_drop: false }`
[INFO] running `Command { std: "docker" "rm" "-f" "9bbc3c28a45e5554ed914446d12ae71dfed6062f52511df2d159cf82e102c8e9", kill_on_drop: false }`
[INFO] [stdout] 9bbc3c28a45e5554ed914446d12ae71dfed6062f52511df2d159cf82e102c8e9
